Last updated on 2025-02-06 19:49:32 CET.
Flavor | Version | Tinstall | Tcheck | Ttotal | Status | Flags |
---|---|---|---|---|---|---|
r-devel-linux-x86_64-debian-clang | 0.2.0 | 13.18 | 206.75 | 219.93 | OK | |
r-devel-linux-x86_64-debian-gcc | 0.2.0 | 9.47 | 131.36 | 140.83 | OK | |
r-devel-linux-x86_64-fedora-clang | 0.2.0 | 375.95 | OK | |||
r-devel-linux-x86_64-fedora-gcc | 0.2.0 | 329.51 | OK | |||
r-devel-windows-x86_64 | 0.2.0 | 19.00 | 171.00 | 190.00 | OK | |
r-patched-linux-x86_64 | 0.2.0 | 12.07 | 173.81 | 185.88 | OK | |
r-release-linux-x86_64 | 0.2.0 | 13.39 | 171.13 | 184.52 | OK | |
r-release-macos-arm64 | 0.2.0 | 10.00 | ERROR | |||
r-release-macos-x86_64 | 0.2.0 | 12.00 | ERROR | |||
r-release-windows-x86_64 | 0.2.0 | 17.00 | 169.00 | 186.00 | OK | |
r-oldrel-macos-arm64 | 0.1.0 | 96.00 | ERROR | |||
r-oldrel-macos-x86_64 | 0.1.0 | 168.00 | ERROR | |||
r-oldrel-windows-x86_64 | 0.2.0 | 52.00 | 406.00 | 458.00 | OK |
Version: 0.2.0
Check: package dependencies
Result: ERROR
Package required but not available: ‘glmSparseNet’
See section ‘The DESCRIPTION file’ in the ‘Writing R Extensions’
manual.
Flavors: r-release-macos-arm64, r-release-macos-x86_64
Version: 0.1.0
Check: package dependencies
Result: NOTE
Package suggested but not available for checking: ‘glmSparseNet’
Flavors: r-oldrel-macos-arm64, r-oldrel-macos-x86_64
Version: 0.1.0
Check: re-building of vignette outputs
Result: ERROR
Error(s) in re-building vignettes:
--- re-building ‘priorityelasticnet-vignettes.Rmd’ using rmarkdown
Quitting from lines 427-450 [unnamed-chunk-23] (priorityelasticnet-vignettes.Rmd)
Error: processing vignette 'priorityelasticnet-vignettes.Rmd' failed with diagnostics:
there is no package called 'glmSparseNet'
--- failed re-building ‘priorityelasticnet-vignettes.Rmd’
SUMMARY: processing the following file failed:
‘priorityelasticnet-vignettes.Rmd’
Error: Vignette re-building failed.
Execution halted
Flavor: r-oldrel-macos-arm64
Version: 0.1.0
Check: re-building of vignette outputs
Result: ERROR
Error(s) in re-building vignettes:
--- re-building ‘priorityelasticnet-vignettes.Rmd’ using rmarkdown
Pandoc is required to build R Markdown vignettes but not available. Please make sure it is installed.
Quitting from lines 427-450 [unnamed-chunk-23] (priorityelasticnet-vignettes.Rmd)
Error: processing vignette 'priorityelasticnet-vignettes.Rmd' failed with diagnostics:
there is no package called 'glmSparseNet'
--- failed re-building ‘priorityelasticnet-vignettes.Rmd’
SUMMARY: processing the following file failed:
‘priorityelasticnet-vignettes.Rmd’
Error: Vignette re-building failed.
Execution halted
Flavor: r-oldrel-macos-x86_64