Last updated on 2024-03-28 19:48:41 CET.
Flavor | Version | Tinstall | Tcheck | Ttotal | Status | Flags |
---|---|---|---|---|---|---|
r-devel-linux-x86_64-debian-clang | 1.2.0 | 6.86 | 69.10 | 75.96 | NOTE | |
r-devel-linux-x86_64-debian-gcc | 1.2.0 | 6.05 | 52.57 | 58.62 | NOTE | |
r-devel-linux-x86_64-fedora-clang | 1.2.0 | 93.49 | NOTE | |||
r-devel-linux-x86_64-fedora-gcc | 1.2.0 | 92.53 | NOTE | |||
r-devel-windows-x86_64 | 1.2.0 | 8.00 | 80.00 | 88.00 | NOTE | |
r-patched-linux-x86_64 | 1.2.0 | 5.50 | 66.06 | 71.56 | NOTE | |
r-release-linux-x86_64 | 1.2.0 | 4.39 | 67.60 | 71.99 | OK | |
r-release-macos-arm64 | 1.2.0 | 30.00 | OK | |||
r-release-macos-x86_64 | 1.2.0 | 48.00 | NOTE | |||
r-release-windows-x86_64 | 1.2.0 | 9.00 | 90.00 | 99.00 | OK | |
r-oldrel-macos-arm64 | 1.2.0 | 33.00 | NOTE | |||
r-oldrel-windows-x86_64 | 1.2.0 | 11.00 | 87.00 | 98.00 | OK |
Version: 1.2.0
Check: Rd files
Result: NOTE
checkRd: (-1) alogistic.Rd:20: Lost braces
20 | The user does not put these directly into this function, but rather uses code{ode} in the \code{deSolve} package.
| ^
Flavors: r-devel-linux-x86_64-debian-clang, r-devel-linux-x86_64-debian-gcc, r-devel-linux-x86_64-fedora-clang, r-devel-linux-x86_64-fedora-gcc, r-devel-windows-x86_64, r-patched-linux-x86_64
Version: 1.2.0
Check: dependencies in R code
Result: NOTE
Namespaces in Imports field not imported from:
‘tidyr’ ‘utils’
All declared Imports should be used.
Flavors: r-devel-linux-x86_64-fedora-clang, r-devel-linux-x86_64-fedora-gcc, r-oldrel-macos-arm64
Version: 1.2.0
Check: package dependencies
Result: NOTE
Package suggested but not available for checking: ‘bipartite’
Flavor: r-release-macos-x86_64