Last updated on 2023-03-26 01:52:05 CET.
Flavor | Version | Tinstall | Tcheck | Ttotal | Status | Flags |
---|---|---|---|---|---|---|
r-devel-linux-x86_64-debian-clang | 1.0.0 | 11.53 | 90.04 | 101.57 | OK | |
r-devel-linux-x86_64-debian-gcc | 1.0.0 | 8.33 | 67.42 | 75.75 | OK | |
r-devel-linux-x86_64-fedora-clang | 1.0.0 | 140.45 | NOTE | |||
r-devel-linux-x86_64-fedora-gcc | 1.0.0 | 135.61 | OK | |||
r-patched-linux-x86_64 | 1.0.0 | 11.16 | 85.74 | 96.90 | OK | |
r-release-linux-x86_64 | 1.0.0 | 9.47 | 87.96 | 97.43 | OK | |
r-release-macos-arm64 | 1.0.0 | 41.00 | OK | |||
r-release-macos-x86_64 | 1.0.0 | 57.00 | OK | |||
r-release-windows-x86_64 | 1.0.0 | 32.00 | 131.00 | 163.00 | OK | |
r-oldrel-macos-arm64 | 1.0.0 | 43.00 | OK | |||
r-oldrel-macos-x86_64 | 1.0.0 | 63.00 | OK | |||
r-oldrel-windows-ix86+x86_64 | 1.0.0 | 26.00 | 129.00 | 155.00 | OK |
Version: 1.0.0
Check: Rd cross-references
Result: NOTE
Undeclared package ‘parsnip’ in Rd xrefs
Flavor: r-devel-linux-x86_64-fedora-clang