CRAN Package Check Results for Package prettycode

Last updated on 2023-03-26 01:52:05 CET.

Flavor Version Tinstall Tcheck Ttotal Status Flags
r-devel-linux-x86_64-debian-clang 1.1.0 2.39 26.05 28.44 NOTE
r-devel-linux-x86_64-debian-gcc 1.1.0 1.78 20.58 22.36 NOTE
r-devel-linux-x86_64-fedora-clang 1.1.0 38.02 NOTE
r-devel-linux-x86_64-fedora-gcc 1.1.0 34.25 NOTE
r-patched-linux-x86_64 1.1.0 2.35 25.25 27.60 NOTE
r-release-linux-x86_64 1.1.0 2.29 26.88 29.17 NOTE
r-release-macos-arm64 1.1.0 15.00 NOTE
r-release-macos-x86_64 1.1.0 23.00 NOTE
r-release-windows-x86_64 1.1.0 24.00 56.00 80.00 NOTE
r-oldrel-macos-arm64 1.1.0 21.00 NOTE
r-oldrel-macos-x86_64 1.1.0 31.00 NOTE
r-oldrel-windows-ix86+x86_64 1.1.0 6.00 53.00 59.00 NOTE

Check Details

Version: 1.1.0
Check: LazyData
Result: NOTE
     'LazyData' is specified without a 'data' directory
Flavors: r-devel-linux-x86_64-debian-clang, r-devel-linux-x86_64-debian-gcc, r-devel-linux-x86_64-fedora-clang, r-devel-linux-x86_64-fedora-gcc, r-patched-linux-x86_64, r-release-linux-x86_64, r-release-macos-arm64, r-release-macos-x86_64, r-release-windows-x86_64, r-oldrel-macos-arm64, r-oldrel-macos-x86_64, r-oldrel-windows-ix86+x86_64