CRAN Package Check Results for Package prettyR

Last updated on 2025-11-23 20:48:57 CET.

Flavor Version Tinstall Tcheck Ttotal Status Flags
r-devel-linux-x86_64-debian-clang 2.2-3 3.05 28.69 31.74 NOTE
r-devel-linux-x86_64-debian-gcc 2.2-3 2.43 21.54 23.97 NOTE
r-devel-linux-x86_64-fedora-clang 2.2-3 46.59 NOTE
r-devel-linux-x86_64-fedora-gcc 2.2-3 42.14 NOTE
r-devel-windows-x86_64 2.2-3 4.00 48.00 52.00 OK
r-patched-linux-x86_64 2.2-3 2.82 25.65 28.47 NOTE
r-release-linux-x86_64 2.2-3 3.01 25.51 28.52 NOTE
r-release-macos-arm64 2.2-3 OK
r-release-macos-x86_64 2.2-3 3.00 25.00 28.00 OK
r-release-windows-x86_64 2.2-3 4.00 47.00 51.00 OK
r-oldrel-macos-arm64 2.2-3 OK
r-oldrel-macos-x86_64 2.2-3 2.00 23.00 25.00 OK
r-oldrel-windows-x86_64 2.2-3 4.00 49.00 53.00 OK

Check Details

Version: 2.2-3
Check: CRAN incoming feasibility
Result: NOTE Maintainer: ‘Jim Lemon <drjimlemon@gmail.com>’ No Authors@R field in DESCRIPTION. Please add one, modifying Authors@R: c(person(given = "Jim", family = "Lemon", role = c("aut", "cre"), email = "drjimlemon@gmail.com"), person(given = "Philippe", family = "Grosjean", role = "aut", email = "phgrosjean@sciviews.org")) as necessary. Flavors: r-devel-linux-x86_64-debian-clang, r-devel-linux-x86_64-debian-gcc

Version: 2.2-3
Check: for non-standard things in the check directory
Result: NOTE Found the following files/directories: ‘hista.png’ ‘plotcd.png’ ‘test.R’ ‘test.html’ ‘testR2html.R’ ‘testglm.csv’ ‘testglm.html’ ‘testglm.tab’ Flavors: r-devel-linux-x86_64-debian-clang, r-devel-linux-x86_64-debian-gcc, r-devel-linux-x86_64-fedora-clang, r-devel-linux-x86_64-fedora-gcc, r-patched-linux-x86_64, r-release-linux-x86_64