Last updated on 2025-11-25 20:51:03 CET.
| Flavor | Version | Tinstall | Tcheck | Ttotal | Status | Flags |
|---|---|---|---|---|---|---|
| r-devel-linux-x86_64-debian-clang | 0.1.2 | 2.32 | 57.16 | 59.48 | NOTE | |
| r-devel-linux-x86_64-debian-gcc | 0.1.2 | 2.10 | 43.89 | 45.99 | NOTE | |
| r-devel-linux-x86_64-fedora-clang | 0.1.2 | 93.12 | NOTE | |||
| r-devel-linux-x86_64-fedora-gcc | 0.1.2 | 10.00 | 98.89 | 108.89 | NOTE | |
| r-devel-windows-x86_64 | 0.1.2 | 6.00 | 73.00 | 79.00 | NOTE | |
| r-patched-linux-x86_64 | 0.1.2 | 3.29 | 52.91 | 56.20 | NOTE | |
| r-release-linux-x86_64 | 0.1.2 | 2.99 | 54.11 | 57.10 | NOTE | |
| r-release-macos-arm64 | 0.1.2 | NOTE | ||||
| r-release-macos-x86_64 | 0.1.2 | 2.00 | 64.00 | 66.00 | NOTE | |
| r-release-windows-x86_64 | 0.1.2 | 5.00 | 73.00 | 78.00 | NOTE | |
| r-oldrel-macos-arm64 | 0.1.2 | NOTE | ||||
| r-oldrel-macos-x86_64 | 0.1.2 | 2.00 | 53.00 | 55.00 | NOTE | |
| r-oldrel-windows-x86_64 | 0.1.2 | 6.00 | 89.00 | 95.00 | NOTE |
Version: 0.1.2
Check: Rd files
Result: NOTE
checkRd: (-1) format_number.Rd:36: Lost braces in \itemize; meant \describe ?
checkRd: (-1) format_number.Rd:37: Lost braces in \itemize; meant \describe ?
checkRd: (-1) format_number.Rd:38: Lost braces in \itemize; meant \describe ?
Flavors: r-devel-linux-x86_64-debian-clang, r-devel-linux-x86_64-debian-gcc, r-devel-linux-x86_64-fedora-clang, r-devel-linux-x86_64-fedora-gcc, r-devel-windows-x86_64, r-patched-linux-x86_64, r-release-linux-x86_64, r-release-macos-arm64, r-release-macos-x86_64, r-release-windows-x86_64, r-oldrel-macos-arm64, r-oldrel-macos-x86_64, r-oldrel-windows-x86_64