Last updated on 2024-04-19 20:56:47 CEST.
Flavor | Version | Tinstall | Tcheck | Ttotal | Status | Flags |
---|---|---|---|---|---|---|
r-devel-linux-x86_64-debian-clang | 0.0.3 | 22.00 | 84.12 | 106.12 | NOTE | |
r-devel-linux-x86_64-debian-gcc | 0.0.3 | NOTE | ||||
r-devel-linux-x86_64-fedora-clang | 0.0.3 | 146.37 | NOTE | |||
r-devel-linux-x86_64-fedora-gcc | 0.0.3 | 149.15 | NOTE | |||
r-prerel-macos-arm64 | 0.0.3 | 52.00 | NOTE | |||
r-prerel-windows-x86_64 | 0.0.3 | 24.00 | 97.00 | 121.00 | NOTE | |
r-patched-linux-x86_64 | 0.0.3 | 22.93 | 79.64 | 102.57 | NOTE | |
r-release-linux-x86_64 | 0.0.3 | 22.43 | 80.89 | 103.32 | OK | |
r-release-macos-arm64 | 0.0.3 | 51.00 | OK | |||
r-release-macos-x86_64 | 0.0.3 | 76.00 | OK | |||
r-release-windows-x86_64 | 0.0.3 | 28.00 | 110.00 | 138.00 | OK | |
r-oldrel-macos-arm64 | 0.0.3 | 50.00 | OK | |||
r-oldrel-windows-x86_64 | 0.0.3 | 29.00 | 111.00 | 140.00 | OK |
Version: 0.0.3
Check: Rd files
Result: NOTE
checkRd: (-1) dev_data.Rd:10: Lost braces in \itemize; meant \describe ?
checkRd: (-1) dev_data.Rd:11: Lost braces in \itemize; meant \describe ?
checkRd: (-1) dev_data.Rd:12: Lost braces in \itemize; meant \describe ?
checkRd: (-1) dev_data.Rd:13: Lost braces in \itemize; meant \describe ?
checkRd: (-1) dev_data.Rd:14: Lost braces in \itemize; meant \describe ?
checkRd: (-1) gusto.Rd:10: Lost braces in \itemize; meant \describe ?
checkRd: (-1) gusto.Rd:11: Lost braces in \itemize; meant \describe ?
checkRd: (-1) gusto.Rd:12: Lost braces in \itemize; meant \describe ?
checkRd: (-1) gusto.Rd:13: Lost braces in \itemize; meant \describe ?
checkRd: (-1) gusto.Rd:14: Lost braces in \itemize; meant \describe ?
checkRd: (-1) val_data.Rd:10: Lost braces in \itemize; meant \describe ?
checkRd: (-1) val_data.Rd:11: Lost braces in \itemize; meant \describe ?
checkRd: (-1) val_data.Rd:12: Lost braces in \itemize; meant \describe ?
checkRd: (-1) val_data.Rd:13: Lost braces in \itemize; meant \describe ?
checkRd: (-1) val_data.Rd:14: Lost braces in \itemize; meant \describe ?
Flavors: r-devel-linux-x86_64-debian-clang, r-devel-linux-x86_64-debian-gcc, r-devel-linux-x86_64-fedora-clang, r-devel-linux-x86_64-fedora-gcc, r-prerel-macos-arm64, r-prerel-windows-x86_64, r-patched-linux-x86_64