CRAN Package Check Results for Package prWarp

Last updated on 2024-02-25 19:50:07 CET.

Flavor Version Tinstall Tcheck Ttotal Status Flags
r-devel-linux-x86_64-debian-clang 1.0.0 9.17 141.56 150.73 NOTE
r-devel-linux-x86_64-debian-gcc 1.0.0 8.85 108.30 117.15 NOTE
r-devel-linux-x86_64-fedora-clang 1.0.0 191.56 OK
r-devel-linux-x86_64-fedora-gcc 1.0.0 201.35 OK
r-devel-windows-x86_64 1.0.0 9.00 123.00 132.00 OK
r-patched-linux-x86_64 1.0.0 7.87 139.08 146.95 OK
r-release-linux-x86_64 1.0.0 6.64 139.08 145.72 OK
r-release-macos-arm64 1.0.0 62.00 OK
r-release-macos-x86_64 1.0.0 128.00 OK
r-release-windows-x86_64 1.0.0 12.00 356.00 368.00 OK
r-oldrel-macos-arm64 1.0.0 51.00 OK
r-oldrel-windows-x86_64 1.0.0 13.00 153.00 166.00 OK

Check Details

Version: 1.0.0
Check: Rd files
Result: NOTE checkRd: (-1) papionin.Rd:21: Lost braces; missing escapes or markup? 21 | \item \strong{coords} {The 3D array of landamrk coordinates} | ^ checkRd: (-1) papionin.Rd:22: Lost braces; missing escapes or markup? 22 | \item \strong{species} {The vector of species names} | ^ checkRd: (-1) papionin.Rd:23: Lost braces; missing escapes or markup? 23 | \item \strong{semi_lm} {The vector of semilandmark numbers of the full dataset} | ^ checkRd: (-1) papionin.Rd:24: Lost braces; missing escapes or markup? 24 | \item \strong{curves} {The list of curves for sliding semilandmarks of the full dataset} | ^ checkRd: (-1) papionin.Rd:25: Lost braces; missing escapes or markup? 25 | \item \strong{links} {The matrix of links between landmarks for the full dataset} | ^ checkRd: (-1) papionin.Rd:26-30: Lost braces 26 | \item \strong{outline} {A list of 4 elements for the analysis of the outline shape: | ^ Flavors: r-devel-linux-x86_64-debian-clang, r-devel-linux-x86_64-debian-gcc