Last updated on 2025-04-14 21:50:55 CEST.
Flavor | Version | Tinstall | Tcheck | Ttotal | Status | Flags |
---|---|---|---|---|---|---|
r-devel-linux-x86_64-debian-clang | 0.2.5 | 7.89 | 413.19 | 421.08 | OK | |
r-devel-linux-x86_64-debian-gcc | 0.2.5 | 5.00 | 283.50 | 288.50 | OK | |
r-devel-linux-x86_64-fedora-clang | 0.2.5 | 661.03 | OK | |||
r-devel-linux-x86_64-fedora-gcc | 0.2.5 | 665.48 | OK | |||
r-devel-windows-x86_64 | 0.2.5 | 10.00 | 424.00 | 434.00 | OK | |
r-patched-linux-x86_64 | 0.2.5 | 7.32 | 398.44 | 405.76 | OK | |
r-release-linux-x86_64 | 0.2.5 | 7.87 | 394.16 | 402.03 | OK | |
r-release-macos-arm64 | 0.2.5 | 191.00 | OK | |||
r-release-macos-x86_64 | 0.2.5 | 413.00 | OK | |||
r-release-windows-x86_64 | 0.2.5 | 9.00 | 442.00 | 451.00 | OK | |
r-oldrel-macos-arm64 | 0.2.5 | 198.00 | NOTE | |||
r-oldrel-macos-x86_64 | 0.2.5 | 502.00 | NOTE | |||
r-oldrel-windows-x86_64 | 0.2.5 | 12.00 | 545.00 | 557.00 | NOTE |
Version: 0.2.5
Check: installed package size
Result: NOTE
installed size is 11.0Mb
sub-directories of 1Mb or more:
doc 10.5Mb
Flavors: r-oldrel-macos-arm64, r-oldrel-macos-x86_64, r-oldrel-windows-x86_64