Last updated on 2025-11-14 19:49:59 CET.
| Flavor | Version | Tinstall | Tcheck | Ttotal | Status | Flags |
|---|---|---|---|---|---|---|
| r-devel-linux-x86_64-debian-clang | 0.3.4 | 23.24 | 58.00 | 81.24 | NOTE | |
| r-devel-linux-x86_64-debian-gcc | 0.3.4 | 18.85 | 42.68 | 61.53 | NOTE | |
| r-devel-linux-x86_64-fedora-clang | 0.3.4 | 40.00 | 80.31 | 120.31 | NOTE | |
| r-devel-linux-x86_64-fedora-gcc | 0.3.4 | 60.00 | 68.55 | 128.55 | NOTE | |
| r-devel-windows-x86_64 | 0.3.4 | 33.00 | 77.00 | 110.00 | NOTE | |
| r-patched-linux-x86_64 | 0.3.4 | 25.13 | 56.43 | 81.56 | NOTE | |
| r-release-linux-x86_64 | 0.3.4 | 25.61 | 55.99 | 81.60 | NOTE | |
| r-release-macos-arm64 | 0.3.4 | 13.00 | 30.00 | 43.00 | NOTE | |
| r-release-macos-x86_64 | 0.3.4 | 14.00 | 55.00 | 69.00 | NOTE | |
| r-release-windows-x86_64 | 0.3.4 | 31.00 | 77.00 | 108.00 | NOTE | |
| r-oldrel-macos-arm64 | 0.3.4 | 10.00 | 29.00 | 39.00 | NOTE | |
| r-oldrel-macos-x86_64 | 0.3.4 | 11.00 | 44.00 | 55.00 | NOTE | |
| r-oldrel-windows-x86_64 | 0.3.4 | 41.00 | 89.00 | 130.00 | NOTE |
Version: 0.3.4
Check: Rd files
Result: NOTE
checkRd: (-1) ccp_ppm.Rd:26: Lost braces; missing escapes or markup?
26 | \item{model}{Determines of model fit is such that there are p_{it}s (model=1) or
| ^
checkRd: (-1) curve_ppmx.Rd:145: Lost braces; missing escapes or markup?
145 | \item sig2 - a matrix of dimension (T, N) containing MCMC iterates associated with each subjects variance parameter (sigma2*_{c_i})
| ^
checkRd: (-1) gaussian_ppmx.Rd:143: Lost braces; missing escapes or markup?
143 | \item mu - a matrix of dimension (T, N) containing MCMC iterates associated with each subjects mean parameter (mu*_{c_i}).
| ^
checkRd: (-1) gaussian_ppmx.Rd:145: Lost braces; missing escapes or markup?
145 | \item sig2 - a matrix of dimension (T, N) containing MCMC iterates associated with each subjects variance parameter (sigma2*_{c_i})
| ^
checkRd: (-1) ordinal_ppmx.Rd:145: Lost braces; missing escapes or markup?
145 | \item mu - a matrix of dimension (T, N) containing MCMC iterates associated with each subjects mean parameter (mu*_{c_i}).
| ^
checkRd: (-1) ordinal_ppmx.Rd:147: Lost braces; missing escapes or markup?
147 | \item sig2 - a matrix of dimension (T, N) containing MCMC iterates associated with each sujbects variance parameter (sigma2*_{c_i})
| ^
Flavors: r-devel-linux-x86_64-debian-clang, r-devel-linux-x86_64-debian-gcc, r-devel-linux-x86_64-fedora-clang, r-devel-linux-x86_64-fedora-gcc, r-devel-windows-x86_64, r-patched-linux-x86_64, r-release-linux-x86_64, r-release-macos-arm64, r-release-macos-x86_64, r-release-windows-x86_64, r-oldrel-macos-arm64, r-oldrel-macos-x86_64, r-oldrel-windows-x86_64