Last updated on 2025-05-06 20:50:49 CEST.
Flavor | Version | Tinstall | Tcheck | Ttotal | Status | Flags |
---|---|---|---|---|---|---|
r-devel-linux-x86_64-debian-clang | 1.0.2 | 2.28 | 27.24 | 29.52 | NOTE | |
r-devel-linux-x86_64-debian-gcc | 1.0.2 | 1.82 | 20.90 | 22.72 | NOTE | |
r-devel-linux-x86_64-fedora-clang | 1.0.2 | 45.02 | OK | |||
r-devel-linux-x86_64-fedora-gcc | 1.0.2 | 43.59 | OK | |||
r-devel-windows-x86_64 | 1.0.2 | 4.00 | 56.00 | 60.00 | OK | |
r-patched-linux-x86_64 | 1.0.2 | 2.44 | 26.05 | 28.49 | OK | |
r-release-linux-x86_64 | 1.0.2 | 1.82 | 25.98 | 27.80 | OK | |
r-release-macos-arm64 | 1.0.2 | 23.00 | OK | |||
r-release-macos-x86_64 | 1.0.2 | 32.00 | OK | |||
r-release-windows-x86_64 | 1.0.2 | 4.00 | 56.00 | 60.00 | OK | |
r-oldrel-macos-arm64 | 1.0.2 | 19.00 | OK | |||
r-oldrel-macos-x86_64 | 1.0.2 | 42.00 | OK | |||
r-oldrel-windows-x86_64 | 1.0.2 | 4.00 | 63.00 | 67.00 | OK |
Version: 1.0.2
Check: CRAN incoming feasibility
Result: NOTE
Maintainer: ‘Ben Youngman <b.youngman@exeter.ac.uk>’
No Authors@R field in DESCRIPTION.
Please add one, modifying
Authors@R: c(person(given = "Ben",
family = "Youngman",
role = c("aut", "cre"),
email = "b.youngman@exeter.ac.uk"),
person(given = "Theo",
family = "Economou",
role = "aut"))
as necessary.
Flavors: r-devel-linux-x86_64-debian-clang, r-devel-linux-x86_64-debian-gcc