CRAN Package Check Results for Package ppendemic

Last updated on 2025-05-03 21:51:27 CEST.

Flavor Version Tinstall Tcheck Ttotal Status Flags
r-devel-linux-x86_64-debian-clang 0.1.8 3.38 26.17 29.55 NOTE
r-devel-linux-x86_64-debian-gcc 0.1.8 2.07 20.60 22.67 NOTE
r-devel-linux-x86_64-fedora-clang 0.1.8 44.14 NOTE
r-devel-linux-x86_64-fedora-gcc 0.1.8 41.73 NOTE
r-devel-windows-x86_64 0.1.8 5.00 52.00 57.00 NOTE
r-patched-linux-x86_64 0.1.8 3.68 23.76 27.44 NOTE
r-release-linux-x86_64 NOTE
r-release-macos-arm64 0.1.8 18.00 NOTE
r-release-macos-x86_64 0.1.8 31.00 NOTE
r-release-windows-x86_64 0.1.8 6.00 46.00 52.00 NOTE
r-oldrel-macos-arm64 0.1.8 19.00 OK
r-oldrel-macos-x86_64 0.1.8 32.00 OK
r-oldrel-windows-x86_64 0.1.8 6.00 52.00 58.00 OK

Check Details

Version: 0.1.8
Check: DESCRIPTION meta-information
Result: NOTE Missing dependency on R >= 4.1.0 because package code uses the pipe |> or function shorthand \(...) syntax added in R 4.1.0. File(s) using such syntax: ‘direct_match.R’ ‘direct_match_spp_genus.R’ ‘fuzzy_match_genus.R’ ‘fuzzy_match_infraspp_within_species.R’ ‘fuzzy_match_spp_within_genus.R’ ‘genus_match.R’ ‘internal.R’ ‘matching_ppendemic.R’ ‘suffix_match_spp_within_genus.R’ Flavors: r-devel-linux-x86_64-debian-clang, r-devel-linux-x86_64-debian-gcc, r-devel-linux-x86_64-fedora-clang, r-devel-linux-x86_64-fedora-gcc, r-devel-windows-x86_64, r-patched-linux-x86_64, r-release-linux-x86_64, r-release-macos-arm64, r-release-macos-x86_64, r-release-windows-x86_64