CRAN Package Check Results for Package porridge

Last updated on 2022-10-03 21:53:45 CEST.

Flavor Version Tinstall Tcheck Ttotal Status Flags
r-devel-linux-x86_64-debian-clang 0.3.1 71.55 89.85 161.40 OK
r-devel-linux-x86_64-debian-gcc 0.3.1 55.24 68.21 123.45 OK
r-devel-linux-x86_64-fedora-clang 0.3.1 218.11 OK
r-devel-linux-x86_64-fedora-gcc 0.3.1 215.44 OK
r-devel-windows-x86_64 0.3.1 133.00 136.00 269.00 OK
r-patched-linux-x86_64 0.3.1 59.28 86.36 145.64 OK
r-release-linux-x86_64 0.3.1 63.77 86.47 150.24 OK
r-release-macos-arm64 0.3.1 65.00 NOTE
r-release-macos-x86_64 0.3.1 70.00 NOTE
r-release-windows-x86_64 0.3.1 71.00 142.00 213.00 OK
r-oldrel-macos-arm64 0.3.1 62.00 NOTE
r-oldrel-macos-x86_64 0.3.1 67.00 NOTE
r-oldrel-windows-ix86+x86_64 0.3.1 134.00 148.00 282.00 OK

Check Details

Version: 0.3.1
Check: installed package size
Result: NOTE
     installed size is 6.8Mb
     sub-directories of 1Mb or more:
     libs 6.5Mb
Flavors: r-release-macos-arm64, r-release-macos-x86_64, r-oldrel-macos-arm64, r-oldrel-macos-x86_64