Last updated on 2024-04-18 21:57:00 CEST.
Flavor | Version | Tinstall | Tcheck | Ttotal | Status | Flags |
---|---|---|---|---|---|---|
r-devel-linux-x86_64-debian-clang | 0.3 | 3.41 | 26.60 | 30.01 | OK | |
r-devel-linux-x86_64-debian-gcc | 0.3 | 2.24 | 20.30 | 22.54 | OK | |
r-devel-linux-x86_64-fedora-clang | 0.3 | 36.16 | NOTE | |||
r-devel-linux-x86_64-fedora-gcc | 0.3 | 35.67 | NOTE | |||
r-prerel-macos-arm64 | 0.3 | 21.00 | OK | |||
r-prerel-windows-x86_64 | 0.3 | 6.00 | 44.00 | 50.00 | OK | |
r-patched-linux-x86_64 | 0.3 | 2.64 | 25.80 | 28.44 | OK | |
r-release-linux-x86_64 | 0.3 | 3.15 | 25.40 | 28.55 | OK | |
r-release-macos-arm64 | 0.3 | 19.00 | OK | |||
r-release-macos-x86_64 | 0.3 | 24.00 | OK | |||
r-release-windows-x86_64 | 0.3 | 9.00 | 46.00 | 55.00 | OK | |
r-oldrel-macos-arm64 | 0.3 | 21.00 | OK | |||
r-oldrel-windows-x86_64 | 0.3 | 10.00 | 53.00 | 63.00 | OK |
Version: 0.3
Check: compiled code
Result: NOTE
File ‘population/libs/population.so’:
Found no calls to: ‘R_registerRoutines’, ‘R_useDynamicSymbols’
It is good practice to register native routines and to disable symbol
search.
See ‘Writing portable packages’ in the ‘Writing R Extensions’ manual.
Flavors: r-devel-linux-x86_64-fedora-clang, r-devel-linux-x86_64-fedora-gcc