CRAN Package Check Results for Package popstudy

Last updated on 2022-09-26 21:53:04 CEST.

Flavor Version Tinstall Tcheck Ttotal Status Flags
r-devel-linux-x86_64-debian-clang 1.0.0 31.79 260.44 292.23 OK
r-devel-linux-x86_64-debian-gcc 1.0.0 26.23 194.56 220.79 OK
r-devel-linux-x86_64-fedora-clang 1.0.0 380.66 NOTE
r-devel-linux-x86_64-fedora-gcc 1.0.0 374.85 NOTE
r-devel-windows-x86_64 1.0.0 59.00 293.00 352.00 OK
r-patched-linux-x86_64 1.0.0 37.27 246.97 284.24 OK
r-release-linux-x86_64 1.0.0 31.16 249.46 280.62 OK
r-release-macos-arm64 1.0.0 96.00 NOTE
r-release-macos-x86_64 1.0.0 124.00 NOTE
r-release-windows-x86_64 1.0.0 59.00 290.00 349.00 OK
r-oldrel-macos-arm64 1.0.0 93.00 NOTE
r-oldrel-macos-x86_64 1.0.0 119.00 NOTE
r-oldrel-windows-ix86+x86_64 1.0.0 70.00 285.00 355.00 OK

Check Details

Version: 1.0.0
Check: package dependencies
Result: NOTE
    Imports includes 23 non-default packages.
    Importing from so many packages makes the package vulnerable to any of
    them becoming unavailable. Move as many as possible to Suggests and
    use conditionally.
Flavor: r-devel-linux-x86_64-fedora-clang

Version: 1.0.0
Check: dependencies in R code
Result: NOTE
    Namespaces in Imports field not imported from:
     ‘psych’ ‘zoo’
     All declared Imports should be used.
Flavors: r-devel-linux-x86_64-fedora-clang, r-devel-linux-x86_64-fedora-gcc, r-release-macos-arm64, r-release-macos-x86_64, r-oldrel-macos-arm64, r-oldrel-macos-x86_64