CRAN Package Check Results for Package popReconstruct

Last updated on 2025-11-02 23:49:47 CET.

Flavor Version Tinstall Tcheck Ttotal Status Flags
r-devel-linux-x86_64-debian-clang 1.0-6 3.09 48.75 51.84 NOTE
r-devel-linux-x86_64-debian-gcc 1.0-6 2.41 35.22 37.63 NOTE
r-devel-linux-x86_64-fedora-clang 1.0-6 77.51 OK
r-devel-linux-x86_64-fedora-gcc 1.0-6 89.51 OK
r-devel-windows-x86_64 1.0-6 3.00 75.00 78.00 OK
r-patched-linux-x86_64 1.0-6 3.18 46.81 49.99 OK
r-release-linux-x86_64 1.0-6 2.99 46.49 49.48 OK
r-release-macos-arm64 1.0-6 1.00 33.00 34.00 OK
r-release-macos-x86_64 1.0-6 3.00 56.00 59.00 OK
r-release-windows-x86_64 1.0-6 4.00 71.00 75.00 OK
r-oldrel-macos-arm64 1.0-6 2.00 38.00 40.00 OK
r-oldrel-macos-x86_64 1.0-6 2.00 43.00 45.00 OK
r-oldrel-windows-x86_64 1.0-6 4.00 86.00 90.00 OK

Check Details

Version: 1.0-6
Check: CRAN incoming feasibility
Result: NOTE Maintainer: ‘"Mark C. Wheldon" <biostatmark@gmail.com>’ No Authors@R field in DESCRIPTION. Please add one, modifying Authors@R: c(person(given = c("Mark", "C."), family = "Wheldon", role = "aut"), person(given = c("\"Mark", "C."), family = "Wheldon\"", role = "cre", email = "biostatmark@gmail.com")) as necessary. Flavors: r-devel-linux-x86_64-debian-clang, r-devel-linux-x86_64-debian-gcc