Last updated on 2024-04-27 21:20:31 CEST.
Flavor | Version | Tinstall | Tcheck | Ttotal | Status | Flags |
---|---|---|---|---|---|---|
r-devel-linux-x86_64-debian-clang | 0.1 | 4.13 | 52.73 | 56.86 | NOTE | |
r-devel-linux-x86_64-debian-gcc | 0.1 | 3.33 | 39.65 | 42.98 | NOTE | |
r-devel-linux-x86_64-fedora-clang | 0.1 | 69.86 | NOTE | |||
r-devel-linux-x86_64-fedora-gcc | 0.1 | 67.11 | NOTE | |||
r-devel-windows-x86_64 | 0.1 | 5.00 | 58.00 | 63.00 | NOTE | |
r-patched-linux-x86_64 | 0.1 | 5.39 | 49.57 | 54.96 | NOTE | |
r-release-linux-x86_64 | 0.1 | 4.96 | 52.11 | 57.07 | NOTE | |
r-release-macos-arm64 | 0.1 | 23.00 | NOTE | |||
r-release-windows-x86_64 | 0.1 | 6.00 | 58.00 | 64.00 | NOTE | |
r-oldrel-macos-arm64 | 0.1 | 24.00 | NOTE | |||
r-oldrel-macos-x86_64 | 0.1 | 37.00 | NOTE | |||
r-oldrel-windows-x86_64 | 0.1 | 7.00 | 67.00 | 74.00 | NOTE |
Version: 0.1
Check: LazyData
Result: NOTE
'LazyData' is specified without a 'data' directory
Flavors: r-devel-linux-x86_64-debian-clang, r-devel-linux-x86_64-debian-gcc, r-devel-linux-x86_64-fedora-clang, r-devel-linux-x86_64-fedora-gcc, r-devel-windows-x86_64, r-patched-linux-x86_64, r-release-linux-x86_64, r-release-macos-arm64, r-release-windows-x86_64, r-oldrel-macos-arm64, r-oldrel-macos-x86_64, r-oldrel-windows-x86_64