Last updated on 2025-05-06 20:50:49 CEST.
Flavor | Version | Tinstall | Tcheck | Ttotal | Status | Flags |
---|---|---|---|---|---|---|
r-devel-linux-x86_64-debian-clang | 1.1-1 | 3.00 | 205.06 | 208.06 | NOTE | |
r-devel-linux-x86_64-debian-gcc | 1.1-1 | 2.09 | 136.94 | 139.03 | NOTE | |
r-devel-linux-x86_64-fedora-clang | 1.1-1 | 382.80 | OK | |||
r-devel-linux-x86_64-fedora-gcc | 1.1-1 | 358.50 | OK | |||
r-devel-windows-x86_64 | 1.1-1 | 4.00 | 271.00 | 275.00 | OK | |
r-patched-linux-x86_64 | 1.1-1 | 2.99 | 195.41 | 198.40 | OK | |
r-release-linux-x86_64 | 1.1-1 | 2.82 | 196.06 | 198.88 | OK | |
r-release-macos-arm64 | 1.1-1 | 99.00 | OK | |||
r-release-macos-x86_64 | 1.1-1 | 204.00 | OK | |||
r-release-windows-x86_64 | 1.1-1 | 5.00 | 264.00 | 269.00 | OK | |
r-oldrel-macos-arm64 | 1.1-1 | 101.00 | OK | |||
r-oldrel-macos-x86_64 | 1.1-1 | 147.00 | OK | |||
r-oldrel-windows-x86_64 | 1.1-1 | 3.00 | 302.00 | 305.00 | OK |
Version: 1.1-1
Check: CRAN incoming feasibility
Result: NOTE
Maintainer: ‘Ozan Cinar <ozancinar86@gmail.com>’
Package has help file(s) containing later-stage \Sexpr{} expressions
but no 'build/stage23.rdb' file.
Flavors: r-devel-linux-x86_64-debian-clang, r-devel-linux-x86_64-debian-gcc