Last updated on 2025-07-23 21:51:54 CEST.
Flavor | Version | Tinstall | Tcheck | Ttotal | Status | Flags |
---|---|---|---|---|---|---|
r-devel-linux-x86_64-debian-clang | 0.1.1 | 24.54 | 110.97 | 135.51 | OK | |
r-devel-linux-x86_64-debian-gcc | 0.1.1 | 20.87 | 80.68 | 101.55 | OK | |
r-devel-linux-x86_64-fedora-clang | 0.1.1 | 221.38 | OK | |||
r-devel-linux-x86_64-fedora-gcc | 0.1.1 | 215.11 | OK | |||
r-devel-windows-x86_64 | 0.1.1 | 33.00 | 129.00 | 162.00 | OK | |
r-patched-linux-x86_64 | 0.1.1 | 24.85 | 105.46 | 130.31 | OK | |
r-release-linux-x86_64 | 0.1.1 | 24.11 | 105.19 | 129.30 | OK | |
r-release-macos-arm64 | 0.1.1 | 79.00 | OK | |||
r-release-macos-x86_64 | 0.1.1 | 106.00 | OK | |||
r-release-windows-x86_64 | 0.1.1 | 33.00 | 131.00 | 164.00 | OK | |
r-oldrel-macos-arm64 | 0.1.1 | 59.00 | NOTE | |||
r-oldrel-macos-x86_64 | 0.1.1 | 87.00 | NOTE | |||
r-oldrel-windows-x86_64 | 0.1.1 | 39.00 | 166.00 | 205.00 | NOTE |
Version: 0.1.1
Check: installed package size
Result: NOTE
installed size is 6.3Mb
sub-directories of 1Mb or more:
data 2.6Mb
doc 1.8Mb
libs 1.4Mb
Flavors: r-oldrel-macos-arm64, r-oldrel-macos-x86_64, r-oldrel-windows-x86_64