Last updated on 2024-04-25 20:48:32 CEST.
Flavor | Version | Tinstall | Tcheck | Ttotal | Status | Flags |
---|---|---|---|---|---|---|
r-devel-linux-x86_64-debian-clang | 1.3 | 13.21 | 256.74 | 269.95 | NOTE | |
r-devel-linux-x86_64-debian-gcc | 1.3 | 11.41 | 234.20 | 245.61 | NOTE | |
r-devel-linux-x86_64-fedora-clang | 1.4 | 419.14 | NOTE | |||
r-devel-linux-x86_64-fedora-gcc | 1.4 | 449.12 | OK | |||
r-devel-windows-x86_64 | 1.3 | 14.00 | 196.00 | 210.00 | NOTE | |
r-patched-linux-x86_64 | 1.3 | 23.86 | 285.13 | 308.99 | NOTE | |
r-release-linux-x86_64 | 1.3 | 13.50 | 293.84 | 307.34 | OK | |
r-release-macos-arm64 | 1.3 | 87.00 | NOTE | |||
r-release-macos-x86_64 | 1.4 | 273.00 | OK | |||
r-release-windows-x86_64 | 1.3 | 13.00 | 203.00 | 216.00 | NOTE | |
r-oldrel-macos-arm64 | 1.3 | 80.00 | OK | |||
r-oldrel-macos-x86_64 | 1.4 | 279.00 | OK | |||
r-oldrel-windows-x86_64 | 1.3 | 18.00 | 253.00 | 271.00 | OK |
Version: 1.3
Check: Rd files
Result: NOTE
checkRd: (-1) nuisance_functions.Rd:18-19: Lost braces in \itemize; meant \describe ?
checkRd: (-1) policy.Rd:27: Lost braces in \itemize; meant \describe ?
checkRd: (-1) policy_data.Rd:124-125: Lost braces in \itemize; meant \describe ?
checkRd: (-1) policy_data.Rd:126: Lost braces in \itemize; meant \describe ?
checkRd: (-1) policy_data.Rd:127-128: Lost braces in \itemize; meant \describe ?
checkRd: (-1) policy_data.Rd:129: Lost braces in \itemize; meant \describe ?
checkRd: (-1) policy_data.Rd:130: Lost braces in \itemize; meant \describe ?
checkRd: (-1) policy_data.Rd:131: Lost braces in \itemize; meant \describe ?
checkRd: (-1) policy_data.Rd:132: Lost braces in \itemize; meant \describe ?
checkRd: (-1) policy_eval.Rd:193: Lost braces in \itemize; meant \describe ?
checkRd: (-1) policy_eval.Rd:194: Lost braces in \itemize; meant \describe ?
checkRd: (-1) policy_eval.Rd:195: Lost braces in \itemize; meant \describe ?
checkRd: (-1) policy_eval.Rd:196-197: Lost braces in \itemize; meant \describe ?
checkRd: (-1) policy_eval.Rd:198: Lost braces in \itemize; meant \describe ?
checkRd: (-1) policy_eval.Rd:199: Lost braces in \itemize; meant \describe ?
checkRd: (-1) policy_learn.Rd:129: Lost braces in \itemize; meant \describe ?
checkRd: (-1) policy_learn.Rd:130: Lost braces in \itemize; meant \describe ?
checkRd: (-1) policy_learn.Rd:131: Lost braces in \itemize; meant \describe ?
checkRd: (-1) policy_learn.Rd:132-133: Lost braces in \itemize; meant \describe ?
checkRd: (-1) policy_learn.Rd:134: Lost braces in \itemize; meant \describe ?
Flavors: r-devel-linux-x86_64-debian-clang, r-devel-linux-x86_64-debian-gcc, r-devel-windows-x86_64, r-patched-linux-x86_64, r-release-macos-arm64, r-release-windows-x86_64
Version: 1.4
Check: Rd cross-references
Result: NOTE
Undeclared package ‘modelObj’ in Rd xrefs
Flavor: r-devel-linux-x86_64-fedora-clang