CRAN Package Check Results for Package polimetrics

Last updated on 2023-11-28 20:48:34 CET.

Flavor Version Tinstall Tcheck Ttotal Status Flags
r-devel-linux-x86_64-debian-clang 1.2.1.14 5.40 43.53 48.93 OK
r-devel-linux-x86_64-debian-gcc 1.2.1.14 3.85 32.82 36.67 OK
r-devel-linux-x86_64-fedora-clang 1.2.1.14 61.62 NOTE
r-devel-linux-x86_64-fedora-gcc 1.2.1.14 57.08 NOTE
r-devel-windows-x86_64 1.2.1.14 7.00 55.00 62.00 OK
r-patched-linux-x86_64 1.2.1.14 4.89 41.98 46.87 OK
r-release-linux-x86_64 1.2.1.14 3.98 41.69 45.67 OK
r-release-macos-arm64 1.2.1.14 24.00 OK
r-release-macos-x86_64 1.2.1.14 32.00 OK
r-release-windows-x86_64 1.2.1.14 7.00 57.00 64.00 OK
r-oldrel-macos-arm64 1.2.1.14 25.00 NOTE
r-oldrel-macos-x86_64 1.2.1.14 46.00 NOTE
r-oldrel-windows-x86_64 1.2.1.14 9.00 62.00 71.00 OK

Check Details

Version: 1.2.1.14
Check: dependencies in R code
Result: NOTE Namespaces in Imports field not imported from: ‘MASS’ ‘car’ ‘formula.tools’ ‘ggplot2’ ‘gplots’ ‘graphics’ ‘purrr’ ‘rstatix’ ‘stringr’ ‘tidyverse’ All declared Imports should be used. Flavors: r-devel-linux-x86_64-fedora-clang, r-devel-linux-x86_64-fedora-gcc, r-oldrel-macos-arm64, r-oldrel-macos-x86_64

Version: 1.2.1.14
Check: data for non-ASCII characters
Result: NOTE Note: found 2 marked UTF-8 strings Flavors: r-devel-linux-x86_64-fedora-clang, r-devel-linux-x86_64-fedora-gcc, r-oldrel-macos-arm64, r-oldrel-macos-x86_64