CRAN Package Check Results for Package poio

Last updated on 2022-12-05 20:53:16 CET.

Flavor Version Tinstall Tcheck Ttotal Status Flags
r-devel-linux-x86_64-debian-clang 0.0-4 11.77 100.25 112.02 OK
r-devel-linux-x86_64-debian-gcc 0.0-4 8.15 73.82 81.97 OK
r-devel-linux-x86_64-fedora-clang 0.0-4 144.16 NOTE
r-devel-linux-x86_64-fedora-gcc 0.0-4 141.61 NOTE
r-devel-windows-x86_64 0.0-4 29.00 129.00 158.00 OK
r-patched-linux-x86_64 0.0-4 11.45 94.11 105.56 OK
r-release-linux-x86_64 0.0-4 7.59 94.52 102.11 OK
r-release-macos-arm64 0.0-4 34.00 NOTE
r-release-macos-x86_64 0.0-4 61.00 NOTE
r-release-windows-x86_64 0.0-4 24.00 129.00 153.00 OK
r-oldrel-macos-arm64 0.0-4 42.00 NOTE
r-oldrel-macos-x86_64 0.0-4 45.00 NOTE
r-oldrel-windows-ix86+x86_64 0.0-4 29.00 124.00 153.00 OK

Check Details

Version: 0.0-4
Check: Rd cross-references
Result: NOTE
    Undeclared package ‘ISOcodes’ in Rd xrefs
Flavor: r-devel-linux-x86_64-fedora-clang

Version: 0.0-4
Check: data for non-ASCII characters
Result: NOTE
     Note: found 8 marked UTF-8 strings
Flavors: r-devel-linux-x86_64-fedora-clang, r-devel-linux-x86_64-fedora-gcc, r-release-macos-arm64, r-release-macos-x86_64, r-oldrel-macos-arm64, r-oldrel-macos-x86_64