Last updated on 2024-04-19 20:56:47 CEST.
Flavor | Version | Tinstall | Tcheck | Ttotal | Status | Flags |
---|---|---|---|---|---|---|
r-devel-linux-x86_64-debian-clang | 0.12.1 | 32.08 | 288.11 | 320.19 | OK | |
r-devel-linux-x86_64-debian-gcc | 0.12.1 | OK | ||||
r-devel-linux-x86_64-fedora-clang | 0.12.1 | 373.89 | NOTE | |||
r-devel-linux-x86_64-fedora-gcc | 0.12.1 | 224.83 | NOTE | |||
r-prerel-macos-arm64 | 0.12.1 | 89.00 | OK | |||
r-prerel-macos-x86_64 | 0.12.1 | 284.00 | OK | |||
r-prerel-windows-x86_64 | 0.12.1 | 25.00 | 229.00 | 254.00 | OK | |
r-patched-linux-x86_64 | 0.12.1 | 24.14 | 267.18 | 291.32 | OK | |
r-release-linux-x86_64 | 0.12.1 | 18.27 | 268.14 | 286.41 | OK | |
r-release-macos-arm64 | 0.12.1 | 84.00 | OK | |||
r-release-macos-x86_64 | 0.12.1 | 238.00 | OK | |||
r-release-windows-x86_64 | 0.12.1 | 31.00 | 286.00 | 317.00 | OK | |
r-oldrel-macos-arm64 | 0.12.1 | 83.00 | OK | |||
r-oldrel-windows-x86_64 | 0.12.1 | 34.00 | 219.00 | 253.00 | OK |
Version: 0.12.1
Check: data for non-ASCII characters
Result: NOTE
Note: found 1 marked UTF-8 string
Flavors: r-devel-linux-x86_64-fedora-clang, r-devel-linux-x86_64-fedora-gcc