Last updated on 2025-11-26 19:51:31 CET.
| Flavor | Version | Tinstall | Tcheck | Ttotal | Status | Flags |
|---|---|---|---|---|---|---|
| r-devel-linux-x86_64-debian-gcc | 0.1.0 | 5.65 | 93.77 | 99.42 | OK | |
| r-devel-linux-x86_64-fedora-clang | 0.1.0 | 41.00 | 201.70 | 242.70 | OK | |
| r-devel-linux-x86_64-fedora-gcc | 0.1.0 | 39.00 | 201.57 | 240.57 | OK | |
| r-release-macos-arm64 | 0.1.0 | 7.00 | 33.00 | 40.00 | OK | |
| r-release-macos-x86_64 | 0.1.0 | 16.00 | 256.00 | 272.00 | OK | |
| r-oldrel-macos-arm64 | 0.1.0 | 5.00 | 37.00 | 42.00 | NOTE | |
| r-oldrel-macos-x86_64 | 0.1.0 | 23.00 | 241.00 | 264.00 | NOTE |
Version: 0.1.0
Check: package dependencies
Result: NOTE
Package suggested but not available for checking: ‘lixoftConnectors’
Flavors: r-oldrel-macos-arm64, r-oldrel-macos-x86_64