Last updated on 2024-03-28 19:48:40 CET.
Flavor | Version | Tinstall | Tcheck | Ttotal | Status | Flags |
---|---|---|---|---|---|---|
r-devel-linux-x86_64-debian-clang | 1.0.0 | 2.33 | 76.24 | 78.57 | NOTE | |
r-devel-linux-x86_64-debian-gcc | 1.0.0 | 1.77 | 55.21 | 56.98 | NOTE | |
r-devel-linux-x86_64-fedora-clang | 1.0.0 | 91.60 | NOTE | |||
r-devel-linux-x86_64-fedora-gcc | 1.0.0 | 104.30 | NOTE | |||
r-devel-windows-x86_64 | 1.0.0 | 3.00 | 84.00 | 87.00 | NOTE | |
r-patched-linux-x86_64 | 1.0.0 | 2.48 | 71.68 | 74.16 | NOTE | |
r-release-linux-x86_64 | 1.0.0 | 2.07 | 72.91 | 74.98 | NOTE | |
r-release-macos-arm64 | 1.0.0 | 33.00 | NOTE | |||
r-release-macos-x86_64 | 1.0.0 | 60.00 | NOTE | |||
r-release-windows-x86_64 | 1.0.0 | 2.00 | 94.00 | 96.00 | NOTE | |
r-oldrel-macos-arm64 | 1.0.0 | 33.00 | NOTE | |||
r-oldrel-windows-x86_64 | 1.0.0 | 4.00 | 93.00 | 97.00 | NOTE |
Version: 1.0.0
Check: LazyData
Result: NOTE
'LazyData' is specified without a 'data' directory
Flavors: r-devel-linux-x86_64-debian-clang, r-devel-linux-x86_64-debian-gcc, r-devel-linux-x86_64-fedora-clang, r-devel-linux-x86_64-fedora-gcc, r-devel-windows-x86_64, r-patched-linux-x86_64, r-release-linux-x86_64, r-release-macos-arm64, r-release-macos-x86_64, r-release-windows-x86_64, r-oldrel-macos-arm64, r-oldrel-windows-x86_64