Last updated on 2024-04-25 20:48:32 CEST.
Flavor | Version | Tinstall | Tcheck | Ttotal | Status | Flags |
---|---|---|---|---|---|---|
r-devel-linux-x86_64-debian-clang | 0.2.1 | 2.15 | 25.44 | 27.59 | NOTE | |
r-devel-linux-x86_64-debian-gcc | 0.2.1 | 2.32 | 18.87 | 21.19 | NOTE | |
r-devel-linux-x86_64-fedora-clang | 0.2.1 | 34.75 | NOTE | |||
r-devel-linux-x86_64-fedora-gcc | 0.2.1 | 32.75 | NOTE | |||
r-devel-windows-x86_64 | 0.2.1 | 3.00 | 39.00 | 42.00 | NOTE | |
r-patched-linux-x86_64 | 0.2.1 | 2.97 | 24.25 | 27.22 | NOTE | |
r-release-linux-x86_64 | 0.2.1 | 2.88 | 23.71 | 26.59 | OK | |
r-release-macos-arm64 | 0.2.1 | 14.00 | NOTE | |||
r-release-windows-x86_64 | 0.2.1 | 3.00 | 39.00 | 42.00 | NOTE | |
r-oldrel-macos-arm64 | 0.2.1 | 18.00 | OK | |||
r-oldrel-macos-x86_64 | 0.2.1 | 19.00 | OK | |||
r-oldrel-windows-x86_64 | 0.2.1 | 4.00 | 38.00 | 42.00 | OK |
Version: 0.2.1
Check: Rd files
Result: NOTE
checkRd: (-1) pmledecon.Rd:113: Lost braces; missing escapes or markup?
113 | likelihood less than $10^{-10}$ are replaced by $10^{-10}$.
| ^
checkRd: (-1) pmledecon.Rd:113: Lost braces; missing escapes or markup?
113 | likelihood less than $10^{-10}$ are replaced by $10^{-10}$.
| ^
Flavors: r-devel-linux-x86_64-debian-clang, r-devel-linux-x86_64-debian-gcc, r-devel-linux-x86_64-fedora-clang, r-devel-linux-x86_64-fedora-gcc, r-devel-windows-x86_64, r-patched-linux-x86_64, r-release-macos-arm64, r-release-windows-x86_64