Last updated on 2024-07-17 20:57:07 CEST.
Flavor | Version | Tinstall | Tcheck | Ttotal | Status | Flags |
---|---|---|---|---|---|---|
r-devel-linux-x86_64-debian-clang | 1.5 | 3.67 | 32.05 | 35.72 | NOTE | |
r-devel-linux-x86_64-debian-gcc | 1.5 | 2.82 | 24.16 | 26.98 | NOTE | |
r-devel-linux-x86_64-fedora-clang | 1.5 | 44.14 | NOTE | |||
r-devel-linux-x86_64-fedora-gcc | 1.5 | 44.56 | NOTE | |||
r-devel-windows-x86_64 | 1.5 | 4.00 | 48.00 | 52.00 | NOTE | |
r-patched-linux-x86_64 | 1.5 | 3.51 | 31.24 | 34.75 | NOTE | |
r-release-linux-x86_64 | 1.5 | 2.91 | 31.36 | 34.27 | NOTE | |
r-release-macos-arm64 | 1.5 | 17.00 | NOTE | |||
r-release-macos-x86_64 | 1.5 | 25.00 | NOTE | |||
r-release-windows-x86_64 | 1.5 | 4.00 | 49.00 | 53.00 | NOTE | |
r-oldrel-macos-arm64 | 1.5 | 19.00 | NOTE | |||
r-oldrel-macos-x86_64 | 1.5 | 26.00 | NOTE | |||
r-oldrel-windows-x86_64 | 1.5 | 5.00 | 50.00 | 55.00 | NOTE |
Version: 1.5
Check: LazyData
Result: NOTE
'LazyData' is specified without a 'data' directory
Flavors: r-devel-linux-x86_64-debian-clang, r-devel-linux-x86_64-debian-gcc, r-devel-linux-x86_64-fedora-clang, r-devel-linux-x86_64-fedora-gcc, r-devel-windows-x86_64, r-patched-linux-x86_64, r-release-linux-x86_64, r-release-macos-arm64, r-release-macos-x86_64, r-release-windows-x86_64, r-oldrel-macos-arm64, r-oldrel-macos-x86_64, r-oldrel-windows-x86_64