Last updated on 2025-11-03 21:50:31 CET.
| Flavor | Version | Tinstall | Tcheck | Ttotal | Status | Flags | 
|---|---|---|---|---|---|---|
| r-devel-linux-x86_64-debian-clang | 0.1.2 | 8.11 | 65.29 | 73.40 | NOTE | |
| r-devel-linux-x86_64-debian-gcc | 0.1.2 | 5.53 | 47.52 | 53.05 | NOTE | |
| r-devel-linux-x86_64-fedora-clang | 0.1.2 | 18.00 | 93.01 | 111.01 | NOTE | |
| r-devel-linux-x86_64-fedora-gcc | 0.1.2 | 18.00 | 87.72 | 105.72 | NOTE | |
| r-devel-windows-x86_64 | 0.1.2 | 10.00 | 73.00 | 83.00 | NOTE | |
| r-patched-linux-x86_64 | 0.1.2 | 7.69 | 60.00 | 67.69 | NOTE | |
| r-release-linux-x86_64 | 0.1.2 | 7.15 | 60.36 | 67.51 | NOTE | |
| r-release-macos-arm64 | 0.1.2 | 3.00 | 25.00 | 28.00 | NOTE | |
| r-release-macos-x86_64 | 0.1.2 | 5.00 | 44.00 | 49.00 | NOTE | |
| r-release-windows-x86_64 | 0.1.2 | 10.00 | 72.00 | 82.00 | NOTE | |
| r-oldrel-macos-arm64 | 0.1.2 | 3.00 | 27.00 | 30.00 | OK | |
| r-oldrel-macos-x86_64 | 0.1.2 | 7.00 | 62.00 | 69.00 | OK | |
| r-oldrel-windows-x86_64 | 0.1.2 | 14.00 | 92.00 | 106.00 | OK | 
Version: 0.1.2
Check: DESCRIPTION meta-information
Result: NOTE
    Missing dependency on R >= 4.1.0 because package code uses the pipe
    |> or function shorthand \(...) syntax added in R 4.1.0.
    File(s) using such syntax:
      ‘earned_value.R’ ‘planned_value.R’ ‘pmevR6.R’
Flavors: r-devel-linux-x86_64-debian-clang, r-devel-linux-x86_64-debian-gcc, r-devel-linux-x86_64-fedora-clang, r-devel-linux-x86_64-fedora-gcc, r-devel-windows-x86_64, r-patched-linux-x86_64, r-release-linux-x86_64, r-release-macos-arm64, r-release-macos-x86_64, r-release-windows-x86_64