CRAN Package Check Results for Package pmclust

Last updated on 2025-05-03 21:51:27 CEST.

Flavor Version Tinstall Tcheck Ttotal Status Flags
r-devel-linux-x86_64-debian-clang 0.2-1 7.27 59.02 66.29 NOTE
r-devel-linux-x86_64-debian-gcc 0.2-1 5.73 48.36 54.09 NOTE
r-devel-linux-x86_64-fedora-clang 0.2-1 107.65 OK
r-devel-linux-x86_64-fedora-gcc 0.2-1 116.26 OK
r-devel-windows-x86_64 0.2-1 9.00 114.00 123.00 OK
r-patched-linux-x86_64 0.2-1 8.10 56.74 64.84 OK
r-release-linux-x86_64 OK
r-release-macos-arm64 0.2-1 5.00 ERROR
r-release-macos-x86_64 0.2-1 7.00 ERROR
r-release-windows-x86_64 0.2-1 9.00 100.00 109.00 OK
r-oldrel-macos-arm64 0.2-1 9.00 ERROR
r-oldrel-macos-x86_64 0.2-1 11.00 ERROR
r-oldrel-windows-x86_64 0.2-1 12.00 104.00 116.00 OK

Check Details

Version: 0.2-1
Check: CRAN incoming feasibility
Result: NOTE Maintainer: ‘Wei-Chen Chen <wccsnow@gmail.com>’ Package CITATION file contains call(s) to old-style personList() or as.personList(). Please use c() on person objects instead. Package CITATION file contains call(s) to old-style citEntry(). Please use bibentry() instead. Flavors: r-devel-linux-x86_64-debian-clang, r-devel-linux-x86_64-debian-gcc

Version: 0.2-1
Check: package dependencies
Result: ERROR Package required but not available: ‘pbdMPI’ See section ‘The DESCRIPTION file’ in the ‘Writing R Extensions’ manual. Flavors: r-release-macos-arm64, r-release-macos-x86_64, r-oldrel-macos-arm64, r-oldrel-macos-x86_64