Last updated on 2025-05-02 20:50:49 CEST.
Flavor | Version | Tinstall | Tcheck | Ttotal | Status | Flags |
---|---|---|---|---|---|---|
r-devel-linux-x86_64-debian-clang | 1.5-3 | 16.15 | 87.32 | 103.47 | NOTE | |
r-devel-linux-x86_64-debian-gcc | 1.5-3 | 9.46 | 58.50 | 67.96 | NOTE | |
r-devel-linux-x86_64-fedora-clang | 1.5-3 | 158.35 | OK | |||
r-devel-linux-x86_64-fedora-gcc | 1.5-3 | 150.77 | OK | |||
r-devel-windows-x86_64 | 1.5-3 | 14.00 | 113.00 | 127.00 | OK | |
r-patched-linux-x86_64 | 1.5-3 | 16.25 | 82.15 | 98.40 | OK | |
r-release-linux-x86_64 | OK | |||||
r-release-macos-arm64 | 1.5-3 | 52.00 | OK | |||
r-release-macos-x86_64 | 1.5-3 | 88.00 | OK | |||
r-release-windows-x86_64 | 1.5-3 | 16.00 | 114.00 | 130.00 | OK | |
r-oldrel-macos-arm64 | 1.5-3 | 42.00 | OK | |||
r-oldrel-macos-x86_64 | 1.5-3 | 69.00 | OK | |||
r-oldrel-windows-x86_64 | 1.5-3 | 19.00 | 122.00 | 141.00 | OK |
Version: 1.5-3
Check: CRAN incoming feasibility
Result: NOTE
Maintainer: ‘Ghislain Durif <gd.dev@libertymail.net>’
No Authors@R field in DESCRIPTION.
Please add one, modifying
Authors@R: c(person(given = "Anne-Laure",
family = "Boulesteix",
role = "aut",
email = "boulesteix@ibe.med.uni-muenchen.de"),
person(given = "Ghislain",
family = "Durif",
role = c("aut", "cre"),
email = "gd.dev@libertymail.net"),
person(given = "Sophie",
family = "Lambert-Lacroix",
role = "aut",
email = "sophie.lambert-lacroix@univ-grenoble-alpes.fr"),
person(given = "Julie",
family = "Peyre",
role = "aut",
email = "Julie.Peyre@univ-grenoble-alpes.fr"),
person(given = "Korbinian",
family = "Strimmer.",
role = "aut",
email = "k.strimmer@imperial.ac.uk"))
as necessary.
Flavors: r-devel-linux-x86_64-debian-clang, r-devel-linux-x86_64-debian-gcc