CRAN Package Check Results for Package plsVarSel

Last updated on 2022-10-05 21:53:42 CEST.

Flavor Version Tinstall Tcheck Ttotal Status Flags
r-devel-linux-x86_64-debian-clang 0.9.8 11.02 81.78 92.80 OK
r-devel-linux-x86_64-debian-gcc 0.9.8 9.18 60.47 69.65 OK
r-devel-linux-x86_64-fedora-clang 0.9.8 123.46 OK
r-devel-linux-x86_64-fedora-gcc 0.9.8 117.78 OK
r-devel-windows-x86_64 0.9.8 20.00 104.00 124.00 OK
r-patched-linux-x86_64 0.9.8 11.29 78.18 89.47 OK
r-release-linux-x86_64 0.9.8 8.29 79.31 87.60 OK
r-release-macos-arm64 0.9.8 29.00 NOTE
r-release-macos-x86_64 0.9.8 45.00 NOTE
r-release-windows-x86_64 0.9.8 33.00 102.00 135.00 OK
r-oldrel-macos-arm64 0.9.8 27.00 NOTE
r-oldrel-macos-x86_64 0.9.8 43.00 NOTE
r-oldrel-windows-ix86+x86_64 0.9.8 20.00 103.00 123.00 OK

Check Details

Version: 0.9.8
Check: package dependencies
Result: NOTE
    Package suggested but not available for checking: ‘Rmpi’
Flavors: r-release-macos-arm64, r-release-macos-x86_64, r-oldrel-macos-arm64, r-oldrel-macos-x86_64