CRAN Package Check Results for Package pls

Last updated on 2022-11-25 19:50:00 CET.

Flavor Version Tinstall Tcheck Ttotal Status Flags
r-devel-linux-x86_64-debian-clang 2.8-1 7.70 71.92 79.62 OK
r-devel-linux-x86_64-debian-gcc 2.8-1 4.45 55.39 59.84 OK
r-devel-linux-x86_64-fedora-clang 2.8-1 109.22 NOTE
r-devel-linux-x86_64-fedora-gcc 2.8-1 105.10 OK
r-devel-windows-x86_64 2.8-1 31.00 120.00 151.00 OK
r-patched-linux-x86_64 2.8-1 OK
r-release-linux-x86_64 2.8-1 7.23 65.16 72.39 OK
r-release-macos-arm64 2.8-1 35.00 NOTE
r-release-macos-x86_64 2.8-1 50.00 NOTE
r-release-windows-x86_64 2.8-1 35.00 112.00 147.00 OK
r-oldrel-macos-arm64 2.8-1 34.00 NOTE
r-oldrel-macos-x86_64 2.8-1 49.00 NOTE
r-oldrel-windows-ix86+x86_64 2.8-1 13.00 89.00 102.00 OK

Check Details

Version: 2.8-1
Check: Rd cross-references
Result: NOTE
    Undeclared package ‘sm’ in Rd xrefs
Flavor: r-devel-linux-x86_64-fedora-clang

Version: 2.8-1
Check: package dependencies
Result: NOTE
    Package suggested but not available for checking: ‘Rmpi’
Flavors: r-release-macos-arm64, r-release-macos-x86_64, r-oldrel-macos-arm64, r-oldrel-macos-x86_64