Last updated on 2025-04-16 20:48:49 CEST.
Flavor | Version | Tinstall | Tcheck | Ttotal | Status | Flags |
---|---|---|---|---|---|---|
r-devel-linux-x86_64-debian-clang | 2.8-5 | 6.11 | 56.39 | 62.50 | OK | |
r-devel-linux-x86_64-debian-gcc | 2.8-5 | 3.74 | 41.30 | 45.04 | OK | |
r-devel-linux-x86_64-fedora-clang | 2.8-5 | 99.63 | OK | |||
r-devel-linux-x86_64-fedora-gcc | 2.8-5 | 109.77 | OK | |||
r-devel-windows-x86_64 | 2.8-5 | 7.00 | 99.00 | 106.00 | OK | |
r-patched-linux-x86_64 | 2.8-5 | 6.47 | 54.70 | 61.17 | OK | |
r-release-linux-x86_64 | 2.8-5 | 4.52 | 55.15 | 59.67 | OK | |
r-release-macos-arm64 | 2.8-5 | 40.00 | OK | |||
r-release-macos-x86_64 | 2.8-5 | 72.00 | OK | |||
r-release-windows-x86_64 | 2.8-5 | 9.00 | 96.00 | 105.00 | OK | |
r-oldrel-macos-arm64 | 2.8-5 | 45.00 | NOTE | |||
r-oldrel-macos-x86_64 | 2.8-5 | 89.00 | NOTE | |||
r-oldrel-windows-x86_64 | 2.8-5 | 6.00 | 104.00 | 110.00 | OK |
Version: 2.8-5
Check: package dependencies
Result: NOTE
Package suggested but not available for checking: ‘Rmpi’
Flavors: r-oldrel-macos-arm64, r-oldrel-macos-x86_64