Last updated on 2024-03-28 19:48:40 CET.
Flavor | Version | Tinstall | Tcheck | Ttotal | Status | Flags |
---|---|---|---|---|---|---|
r-devel-linux-x86_64-debian-clang | 1.1.1 | 7.64 | 180.15 | 187.79 | NOTE | |
r-devel-linux-x86_64-debian-gcc | 1.1.1 | 7.26 | 133.59 | 140.85 | NOTE | |
r-devel-linux-x86_64-fedora-clang | 1.1.1 | 227.95 | NOTE | |||
r-devel-linux-x86_64-fedora-gcc | 1.1.1 | 242.33 | NOTE | |||
r-devel-windows-x86_64 | 1.1.1 | 8.00 | 151.00 | 159.00 | NOTE | |
r-patched-linux-x86_64 | 1.1.1 | 5.68 | 173.00 | 178.68 | NOTE | |
r-release-linux-x86_64 | 1.1.1 | 5.61 | 173.73 | 179.34 | NOTE | |
r-release-macos-arm64 | 1.1.1 | 81.00 | NOTE | |||
r-release-macos-x86_64 | 1.1.1 | 128.00 | NOTE | |||
r-release-windows-x86_64 | 1.1.1 | 11.00 | 180.00 | 191.00 | NOTE | |
r-oldrel-macos-arm64 | 1.1.1 | 67.00 | NOTE | |||
r-oldrel-windows-x86_64 | 1.1.1 | 11.00 | 188.00 | 199.00 | NOTE |
Version: 1.1.1
Check: Rd files
Result: NOTE
checkRd: (-1) plotluck.Rd:129: Lost braces
129 | in factors are are shown as a special factor level code{"?"}. They can be
| ^
Flavors: r-devel-linux-x86_64-debian-clang, r-devel-linux-x86_64-debian-gcc, r-devel-linux-x86_64-fedora-clang, r-devel-linux-x86_64-fedora-gcc, r-devel-windows-x86_64, r-patched-linux-x86_64
Version: 1.1.1
Check: LazyData
Result: NOTE
'LazyData' is specified without a 'data' directory
Flavors: r-devel-linux-x86_64-debian-clang, r-devel-linux-x86_64-debian-gcc, r-devel-linux-x86_64-fedora-clang, r-devel-linux-x86_64-fedora-gcc, r-devel-windows-x86_64, r-patched-linux-x86_64, r-release-linux-x86_64, r-release-macos-arm64, r-release-macos-x86_64, r-release-windows-x86_64, r-oldrel-macos-arm64, r-oldrel-windows-x86_64
Version: 1.1.1
Check: dependencies in R code
Result: NOTE
Namespaces in Imports field not imported from:
‘hexbin’ ‘quantreg’
All declared Imports should be used.
Flavors: r-devel-linux-x86_64-fedora-clang, r-devel-linux-x86_64-fedora-gcc, r-oldrel-macos-arm64