CRAN Package Check Results for Package plotluck

Last updated on 2023-06-04 21:58:29 CEST.

Flavor Version Tinstall Tcheck Ttotal Status Flags
r-devel-linux-x86_64-debian-clang 1.1.1 8.71 186.32 195.03 NOTE
r-devel-linux-x86_64-debian-gcc 1.1.1 7.47 140.30 147.77 NOTE
r-devel-linux-x86_64-fedora-clang 1.1.1 235.16 NOTE
r-devel-linux-x86_64-fedora-gcc 1.1.1 240.05 NOTE
r-devel-windows-x86_64 1.1.1 8.00 153.00 161.00 NOTE
r-patched-linux-x86_64 1.1.1 9.39 173.04 182.43 NOTE
r-release-linux-x86_64 1.1.1 6.88 177.63 184.51 NOTE
r-release-macos-arm64 1.1.1 81.00 NOTE
r-release-macos-x86_64 1.1.1 128.00 NOTE
r-release-windows-x86_64 1.1.1 11.00 187.00 198.00 NOTE
r-oldrel-macos-arm64 1.1.1 67.00 NOTE
r-oldrel-macos-x86_64 1.1.1 116.00 NOTE
r-oldrel-windows-x86_64 1.1.1 12.00 190.00 202.00 NOTE

Check Details

Version: 1.1.1
Check: LazyData
Result: NOTE
     'LazyData' is specified without a 'data' directory
Flavors: r-devel-linux-x86_64-debian-clang, r-devel-linux-x86_64-debian-gcc, r-devel-linux-x86_64-fedora-clang, r-devel-linux-x86_64-fedora-gcc, r-devel-windows-x86_64, r-patched-linux-x86_64, r-release-linux-x86_64, r-release-macos-arm64, r-release-macos-x86_64, r-release-windows-x86_64, r-oldrel-macos-arm64, r-oldrel-macos-x86_64, r-oldrel-windows-x86_64

Version: 1.1.1
Check: dependencies in R code
Result: NOTE
    Namespaces in Imports field not imported from:
     ‘hexbin’ ‘quantreg’
     All declared Imports should be used.
Flavors: r-devel-linux-x86_64-fedora-clang, r-devel-linux-x86_64-fedora-gcc, r-oldrel-macos-arm64, r-oldrel-macos-x86_64