Last updated on 2025-05-06 20:50:49 CEST.
Flavor | Version | Tinstall | Tcheck | Ttotal | Status | Flags |
---|---|---|---|---|---|---|
r-devel-linux-x86_64-debian-clang | 0.1.9 | 7.51 | 64.60 | 72.11 | OK | |
r-devel-linux-x86_64-debian-gcc | 0.1.9 | 6.05 | 45.66 | 51.71 | OK | |
r-devel-linux-x86_64-fedora-clang | 0.1.9 | 109.70 | OK | |||
r-devel-linux-x86_64-fedora-gcc | 0.1.9 | 109.11 | OK | |||
r-devel-windows-x86_64 | 0.1.9 | 10.00 | 82.00 | 92.00 | OK | |
r-patched-linux-x86_64 | 0.1.9 | 8.54 | 61.11 | 69.65 | OK | |
r-release-linux-x86_64 | 0.1.9 | 7.51 | 61.60 | 69.11 | OK | |
r-release-macos-arm64 | 0.1.9 | 33.00 | OK | |||
r-release-macos-x86_64 | 0.1.9 | 56.00 | OK | |||
r-release-windows-x86_64 | 0.1.9 | 10.00 | 84.00 | 94.00 | OK | |
r-oldrel-macos-arm64 | 0.1.9 | 33.00 | NOTE | |||
r-oldrel-macos-x86_64 | 0.1.9 | 46.00 | NOTE | |||
r-oldrel-windows-x86_64 | 0.1.9 | 14.00 | 97.00 | 111.00 | NOTE |
Version: 0.1.9
Check: LazyData
Result: NOTE
'LazyData' is specified without a 'data' directory
Flavors: r-oldrel-macos-arm64, r-oldrel-macos-x86_64, r-oldrel-windows-x86_64