Last updated on 2024-07-17 20:57:07 CEST.
Flavor | Version | Tinstall | Tcheck | Ttotal | Status | Flags |
---|---|---|---|---|---|---|
r-devel-linux-x86_64-debian-clang | 0.1.9 | 10.91 | 76.56 | 87.47 | NOTE | |
r-devel-linux-x86_64-debian-gcc | 0.1.9 | 7.50 | 55.87 | 63.37 | NOTE | |
r-devel-linux-x86_64-fedora-clang | 0.1.9 | 108.39 | NOTE | |||
r-devel-linux-x86_64-fedora-gcc | 0.1.9 | 100.40 | NOTE | |||
r-devel-windows-x86_64 | 0.1.9 | 10.00 | 78.00 | 88.00 | NOTE | |
r-patched-linux-x86_64 | 0.1.9 | 7.52 | 71.03 | 78.55 | NOTE | |
r-release-linux-x86_64 | 0.1.9 | 7.63 | 73.60 | 81.23 | NOTE | |
r-release-macos-arm64 | 0.1.9 | 33.00 | NOTE | |||
r-release-macos-x86_64 | 0.1.9 | 46.00 | NOTE | |||
r-release-windows-x86_64 | 0.1.9 | 11.00 | 80.00 | 91.00 | NOTE | |
r-oldrel-macos-arm64 | 0.1.9 | 34.00 | NOTE | |||
r-oldrel-macos-x86_64 | 0.1.9 | 52.00 | NOTE | |||
r-oldrel-windows-x86_64 | 0.1.9 | 12.00 | 92.00 | 104.00 | NOTE |
Version: 0.1.9
Check: LazyData
Result: NOTE
'LazyData' is specified without a 'data' directory
Flavors: r-devel-linux-x86_64-debian-clang, r-devel-linux-x86_64-debian-gcc, r-devel-linux-x86_64-fedora-clang, r-devel-linux-x86_64-fedora-gcc, r-devel-windows-x86_64, r-patched-linux-x86_64, r-release-linux-x86_64, r-release-macos-arm64, r-release-macos-x86_64, r-release-windows-x86_64, r-oldrel-macos-arm64, r-oldrel-macos-x86_64, r-oldrel-windows-x86_64