Last updated on 2025-07-24 21:49:52 CEST.
Flavor | Version | Tinstall | Tcheck | Ttotal | Status | Flags |
---|---|---|---|---|---|---|
r-devel-linux-x86_64-debian-clang | 0.1.9 | 8.13 | 64.67 | 72.80 | OK | |
r-devel-linux-x86_64-debian-gcc | 0.1.9 | 5.49 | 46.30 | 51.79 | OK | |
r-devel-linux-x86_64-fedora-clang | 0.1.9 | 115.14 | OK | |||
r-devel-linux-x86_64-fedora-gcc | 0.1.9 | 108.20 | OK | |||
r-devel-windows-x86_64 | 0.1.9 | 10.00 | 99.00 | 109.00 | OK | |
r-patched-linux-x86_64 | 0.1.9 | 8.99 | 62.34 | 71.33 | OK | |
r-release-linux-x86_64 | 0.1.9 | 7.81 | 61.01 | 68.82 | OK | |
r-release-macos-arm64 | 0.1.9 | 33.00 | OK | |||
r-release-macos-x86_64 | 0.1.9 | 56.00 | OK | |||
r-release-windows-x86_64 | 0.1.9 | 13.00 | 87.00 | 100.00 | OK | |
r-oldrel-macos-arm64 | 0.1.9 | 33.00 | NOTE | |||
r-oldrel-macos-x86_64 | 0.1.9 | 46.00 | NOTE | |||
r-oldrel-windows-x86_64 | 0.1.9 | 14.00 | 102.00 | 116.00 | NOTE |
Version: 0.1.9
Check: LazyData
Result: NOTE
'LazyData' is specified without a 'data' directory
Flavors: r-oldrel-macos-arm64, r-oldrel-macos-x86_64, r-oldrel-windows-x86_64