Last updated on 2024-07-17 20:57:07 CEST.
Flavor | Version | Tinstall | Tcheck | Ttotal | Status | Flags |
---|---|---|---|---|---|---|
r-devel-linux-x86_64-debian-clang | 2.0.1 | 3.67 | 48.78 | 52.45 | OK | |
r-devel-linux-x86_64-debian-gcc | 2.0.1 | 2.74 | 36.74 | 39.48 | OK | |
r-devel-linux-x86_64-fedora-clang | 2.0.1 | 65.10 | NOTE | |||
r-devel-linux-x86_64-fedora-gcc | 2.0.1 | 73.28 | OK | |||
r-devel-windows-x86_64 | 2.0.1 | 4.00 | 70.00 | 74.00 | OK | |
r-patched-linux-x86_64 | 2.0.1 | 3.77 | 46.81 | 50.58 | OK | |
r-release-linux-x86_64 | 2.0.1 | 2.17 | 47.62 | 49.79 | OK | |
r-release-macos-arm64 | 2.0.1 | 28.00 | OK | |||
r-release-macos-x86_64 | 2.0.1 | 52.00 | OK | |||
r-release-windows-x86_64 | 2.0.1 | 4.00 | 69.00 | 73.00 | OK | |
r-oldrel-macos-arm64 | 2.0.1 | 32.00 | OK | |||
r-oldrel-macos-x86_64 | 2.0.1 | 47.00 | OK | |||
r-oldrel-windows-x86_64 | 2.0.1 | 4.00 | 69.00 | 73.00 | OK |
Version: 2.0.1
Check: Rd cross-references
Result: NOTE
Undeclared package ‘scape’ in Rd xrefs
Flavor: r-devel-linux-x86_64-fedora-clang