CRAN Package Check Results for Package plot.matrix

Last updated on 2022-09-26 21:53:04 CEST.

Flavor Version Tinstall Tcheck Ttotal Status Flags
r-devel-linux-x86_64-debian-clang 1.6.2 2.63 50.55 53.18 OK
r-devel-linux-x86_64-debian-gcc 1.6.2 2.71 38.84 41.55 OK
r-devel-linux-x86_64-fedora-clang 1.6.2 79.30 NOTE
r-devel-linux-x86_64-fedora-gcc 1.6.2 73.34 OK
r-devel-windows-x86_64 1.6.2 32.00 80.00 112.00 OK
r-patched-linux-x86_64 1.6.2 2.95 48.73 51.68 OK
r-release-linux-x86_64 1.6.2 3.72 47.42 51.14 OK
r-release-macos-arm64 1.6.2 30.00 OK
r-release-macos-x86_64 1.6.2 43.00 OK
r-release-windows-x86_64 1.6.2 37.00 77.00 114.00 OK
r-oldrel-macos-arm64 1.6.2 32.00 OK
r-oldrel-macos-x86_64 1.6.2 38.00 OK
r-oldrel-windows-ix86+x86_64 1.6.2 7.00 72.00 79.00 OK

Check Details

Version: 1.6.2
Check: Rd cross-references
Result: NOTE
    Undeclared package ‘exams’ in Rd xrefs
Flavor: r-devel-linux-x86_64-fedora-clang