Last updated on 2023-10-04 20:42:35 CEST.
Flavor | Version | Tinstall | Tcheck | Ttotal | Status | Flags |
---|---|---|---|---|---|---|
r-devel-linux-x86_64-debian-clang | 1.6.2 | 3.59 | 51.07 | 54.66 | OK | |
r-devel-linux-x86_64-debian-gcc | 1.6.2 | 2.54 | 38.37 | 40.91 | OK | |
r-devel-linux-x86_64-fedora-clang | 1.6.2 | 70.69 | NOTE | |||
r-devel-linux-x86_64-fedora-gcc | 1.6.2 | 76.89 | OK | |||
r-devel-windows-x86_64 | 1.6.2 | 5.00 | 64.00 | 69.00 | OK | |
r-patched-linux-x86_64 | 1.6.2 | 3.38 | 48.56 | 51.94 | OK | |
r-release-linux-x86_64 | 1.6.2 | 2.54 | 48.76 | 51.30 | OK | |
r-release-macos-arm64 | 1.6.2 | 29.00 | OK | |||
r-release-macos-x86_64 | 1.6.2 | 46.00 | OK | |||
r-release-windows-x86_64 | 1.6.2 | 9.00 | 64.00 | 73.00 | OK | |
r-oldrel-macos-arm64 | 1.6.2 | 29.00 | OK | |||
r-oldrel-macos-x86_64 | 1.6.2 | 43.00 | OK | |||
r-oldrel-windows-x86_64 | 1.6.2 | 6.00 | 67.00 | 73.00 | OK |
Version: 1.6.2
Check: Rd cross-references
Result: NOTE
Undeclared package ‘exams’ in Rd xrefs
Flavor: r-devel-linux-x86_64-fedora-clang