Last updated on 2025-11-02 23:49:47 CET.
| Flavor | Version | Tinstall | Tcheck | Ttotal | Status | Flags |
|---|---|---|---|---|---|---|
| r-devel-linux-x86_64-debian-clang | 1.9 | 12.86 | 115.30 | 128.16 | NOTE | |
| r-devel-linux-x86_64-debian-gcc | 1.9 | 9.40 | 83.92 | 93.32 | NOTE | |
| r-devel-linux-x86_64-fedora-clang | 1.9 | 32.00 | 166.44 | 198.44 | OK | |
| r-devel-linux-x86_64-fedora-gcc | 1.9 | 24.00 | 182.64 | 206.64 | OK | |
| r-devel-windows-x86_64 | 1.9 | 14.00 | 117.00 | 131.00 | OK | |
| r-patched-linux-x86_64 | 1.9 | 13.03 | 108.56 | 121.59 | OK | |
| r-release-linux-x86_64 | 1.9 | 13.53 | 109.85 | 123.38 | OK | |
| r-release-macos-arm64 | 1.9 | 8.00 | 85.00 | 93.00 | OK | |
| r-release-macos-x86_64 | 1.9 | 10.00 | 94.00 | 104.00 | OK | |
| r-release-windows-x86_64 | 1.9 | 16.00 | 113.00 | 129.00 | OK | |
| r-oldrel-macos-arm64 | 1.9 | 5.00 | 45.00 | 50.00 | OK | |
| r-oldrel-macos-x86_64 | 1.9 | 8.00 | 85.00 | 93.00 | OK | |
| r-oldrel-windows-x86_64 | 1.9 | 19.00 | 143.00 | 162.00 | OK |
Version: 1.9
Check: CRAN incoming feasibility
Result: NOTE
Maintainer: ‘Jason Sinnwell <sinnwell.jason@mayo.edu>’
No Authors@R field in DESCRIPTION.
Please add one, modifying
Authors@R: c(person(given = c("Daniel", "J"),
family = "Schaid",
role = "aut"),
person(given = "Jason",
family = "Sinnwell",
role = "cre",
email = "sinnwell.jason@mayo.edu"))
as necessary.
Flavors: r-devel-linux-x86_64-debian-clang, r-devel-linux-x86_64-debian-gcc