Last updated on 2023-06-05 21:59:14 CEST.
Flavor | Version | Tinstall | Tcheck | Ttotal | Status | Flags |
---|---|---|---|---|---|---|
r-devel-linux-x86_64-debian-clang | 1.0.4 | 6.08 | 179.26 | 185.34 | NOTE | |
r-devel-linux-x86_64-debian-gcc | 1.0.4 | 5.70 | 128.36 | 134.06 | NOTE | |
r-devel-linux-x86_64-fedora-clang | 1.0.4 | 221.73 | NOTE | |||
r-devel-linux-x86_64-fedora-gcc | 1.0.4 | 223.60 | NOTE | |||
r-devel-windows-x86_64 | 1.0.4 | 7.00 | 139.00 | 146.00 | NOTE | |
r-patched-linux-x86_64 | 1.0.4 | 6.88 | 165.27 | 172.15 | NOTE | |
r-release-linux-x86_64 | 1.0.4 | 4.56 | 166.51 | 171.07 | NOTE | |
r-release-macos-arm64 | 1.0.4 | 64.00 | NOTE | |||
r-release-macos-x86_64 | 1.0.4 | 107.00 | NOTE | |||
r-release-windows-x86_64 | 1.0.4 | 9.00 | 177.00 | 186.00 | NOTE | |
r-oldrel-macos-arm64 | 1.0.4 | 52.00 | NOTE | |||
r-oldrel-macos-x86_64 | 1.0.4 | 102.00 | NOTE | |||
r-oldrel-windows-x86_64 | 1.0.4 | 9.00 | 172.00 | 181.00 | NOTE |
Version: 1.0.4
Check: LazyData
Result: NOTE
'LazyData' is specified without a 'data' directory
Flavors: r-devel-linux-x86_64-debian-clang, r-devel-linux-x86_64-debian-gcc, r-devel-linux-x86_64-fedora-clang, r-devel-linux-x86_64-fedora-gcc, r-devel-windows-x86_64, r-patched-linux-x86_64, r-release-linux-x86_64, r-release-macos-arm64, r-release-macos-x86_64, r-release-windows-x86_64, r-oldrel-macos-arm64, r-oldrel-macos-x86_64, r-oldrel-windows-x86_64