Last updated on 2025-05-03 21:51:27 CEST.
Flavor | Version | Tinstall | Tcheck | Ttotal | Status | Flags |
---|---|---|---|---|---|---|
r-devel-linux-x86_64-debian-clang | 0.2.1 | 26.71 | 232.12 | 258.83 | NOTE | |
r-devel-linux-x86_64-debian-gcc | 0.2.1 | 15.92 | 149.67 | 165.59 | NOTE | |
r-devel-linux-x86_64-fedora-clang | 0.2.1 | 416.99 | OK | |||
r-devel-linux-x86_64-fedora-gcc | 0.2.1 | 400.61 | OK | |||
r-devel-windows-x86_64 | 0.2.1 | 25.00 | 181.00 | 206.00 | NOTE | |
r-patched-linux-x86_64 | 0.2.1 | 26.57 | 225.90 | 252.47 | NOTE | |
r-release-linux-x86_64 | NOTE | |||||
r-release-macos-arm64 | 0.2.1 | 88.00 | OK | |||
r-release-macos-x86_64 | 0.2.1 | 179.00 | OK | |||
r-release-windows-x86_64 | 0.2.1 | 24.00 | 177.00 | 201.00 | NOTE | |
r-oldrel-macos-arm64 | 0.2.1 | 80.00 | OK | |||
r-oldrel-macos-x86_64 | 0.2.1 | 138.00 | OK | |||
r-oldrel-windows-x86_64 | 0.2.1 | 33.00 | 256.00 | 289.00 | OK |
Version: 0.2.1
Check: Rd cross-references
Result: NOTE
Found the following Rd file(s) with Rd \link{} targets missing package
anchors:
plainView.Rd: raster, levelplot, brick
plainViewOutput.Rd: shinyWidgetOutput
Please provide package anchors for all Rd \link{} targets not in the
package itself and the base packages.
Flavors: r-devel-linux-x86_64-debian-clang, r-devel-linux-x86_64-debian-gcc, r-devel-windows-x86_64, r-patched-linux-x86_64, r-release-linux-x86_64, r-release-windows-x86_64