Last updated on 2025-05-08 20:49:43 CEST.
Flavor | Version | Tinstall | Tcheck | Ttotal | Status | Flags |
---|---|---|---|---|---|---|
r-devel-linux-x86_64-debian-clang | 0.1.3 | 1.55 | 76.21 | 77.76 | NOTE | |
r-devel-linux-x86_64-debian-gcc | 0.1.3 | 1.40 | 51.76 | 53.16 | NOTE | |
r-devel-linux-x86_64-fedora-clang | 0.1.3 | 121.02 | OK | |||
r-devel-linux-x86_64-fedora-gcc | 0.1.3 | 129.24 | OK | |||
r-devel-windows-x86_64 | 0.1.3 | 2.00 | 81.00 | 83.00 | OK | |
r-patched-linux-x86_64 | 0.1.3 | 1.59 | 73.72 | 75.31 | OK | |
r-release-linux-x86_64 | 0.1.3 | 1.58 | 73.19 | 74.77 | OK | |
r-release-macos-arm64 | 0.1.3 | 41.00 | OK | |||
r-release-macos-x86_64 | 0.1.3 | 81.00 | OK | |||
r-release-windows-x86_64 | 0.1.3 | 3.00 | 87.00 | 90.00 | OK | |
r-oldrel-macos-arm64 | 0.1.3 | 42.00 | OK | |||
r-oldrel-macos-x86_64 | 0.1.3 | 61.00 | OK | |||
r-oldrel-windows-x86_64 | 0.1.3 | 3.00 | 111.00 | 114.00 | OK |
Version: 0.1.3
Check: CRAN incoming feasibility
Result: NOTE
Maintainer: ‘Davi Castro-Tavares <davi.tavares@leibniz-zmt.de>’
Package CITATION file contains call(s) to old-style personList() or
as.personList(). Please use c() on person objects instead.
Package CITATION file contains call(s) to old-style citEntry(). Please
use bibentry() instead.
Flavors: r-devel-linux-x86_64-debian-clang, r-devel-linux-x86_64-debian-gcc