CRAN Package Check Results for Package pkgnews

Last updated on 2025-01-17 21:49:41 CET.

Flavor Version Tinstall Tcheck Ttotal Status Flags
r-devel-linux-x86_64-debian-clang 0.0.2 1.61 17.52 19.13 OK
r-devel-linux-x86_64-debian-gcc 0.0.2 1.34 14.38 15.72 OK
r-devel-linux-x86_64-fedora-clang 0.0.2 30.66 OK
r-devel-linux-x86_64-fedora-gcc 0.0.2 30.73 OK
r-devel-windows-x86_64 0.0.2 3.00 51.00 54.00 OK
r-patched-linux-x86_64 0.0.2 1.35 16.92 18.27 NOTE
r-release-linux-x86_64 0.0.2 1.50 16.88 18.38 NOTE
r-release-macos-arm64 0.0.2 16.00 NOTE
r-release-macos-x86_64 0.0.2 20.00 NOTE
r-release-windows-x86_64 0.0.2 4.00 50.00 54.00 NOTE
r-oldrel-macos-arm64 0.0.2 15.00 NOTE
r-oldrel-macos-x86_64 0.0.2 21.00 NOTE
r-oldrel-windows-x86_64 0.0.2 3.00 44.00 47.00 NOTE

Check Details

Version: 0.0.2
Check: LazyData
Result: NOTE 'LazyData' is specified without a 'data' directory Flavors: r-patched-linux-x86_64, r-release-linux-x86_64, r-release-macos-arm64, r-release-macos-x86_64, r-release-windows-x86_64, r-oldrel-macos-arm64, r-oldrel-macos-x86_64, r-oldrel-windows-x86_64