Last updated on 2023-01-27 20:49:19 CET.
Flavor | Version | Tinstall | Tcheck | Ttotal | Status | Flags |
---|---|---|---|---|---|---|
r-devel-linux-x86_64-debian-clang | 0.2.3 | 14.11 | 172.71 | 186.82 | NOTE | |
r-devel-linux-x86_64-debian-gcc | 0.2.3 | 9.29 | 130.27 | 139.56 | NOTE | |
r-devel-linux-x86_64-fedora-clang | 0.2.3 | 222.87 | NOTE | |||
r-devel-linux-x86_64-fedora-gcc | 0.2.3 | 229.37 | NOTE | |||
r-patched-linux-x86_64 | 0.2.3 | 13.62 | 163.83 | 177.45 | OK | |
r-release-linux-x86_64 | 0.2.3 | 12.11 | 165.01 | 177.12 | OK | |
r-release-macos-arm64 | 0.2.3 | 65.00 | OK | |||
r-release-macos-x86_64 | 0.2.3 | 125.00 | OK | |||
r-release-windows-x86_64 | 0.2.3 | 33.00 | 200.00 | 233.00 | OK | |
r-oldrel-macos-arm64 | 0.2.3 | 92.00 | OK | |||
r-oldrel-macos-x86_64 | 0.2.3 | 110.00 | OK | |||
r-oldrel-windows-ix86+x86_64 | 0.2.3 | 31.00 | 189.00 | 220.00 | OK |
Version: 0.2.3
Check: package subdirectories
Result: NOTE
Problems with news in ‘NEWS.md’:
No news entries found.
Flavors: r-devel-linux-x86_64-debian-clang, r-devel-linux-x86_64-debian-gcc, r-devel-linux-x86_64-fedora-clang, r-devel-linux-x86_64-fedora-gcc