CRAN Package Check Results for Package pixels

Last updated on 2023-02-03 20:51:32 CET.

Flavor Version Tinstall Tcheck Ttotal Status Flags
r-devel-linux-x86_64-debian-clang 0.1.1 3.86 37.07 40.93 NOTE
r-devel-linux-x86_64-debian-gcc 0.1.1 3.19 28.94 32.13 NOTE
r-devel-linux-x86_64-fedora-clang 0.1.1 51.80 NOTE
r-devel-linux-x86_64-fedora-gcc 0.1.1 50.23 NOTE
r-devel-windows-x86_64 0.1.1 15.00 69.00 84.00 NOTE
r-patched-linux-x86_64 0.1.1 3.37 37.24 40.61 NOTE
r-release-linux-x86_64 0.1.1 2.83 38.36 41.19 NOTE
r-release-macos-arm64 0.1.1 19.00 NOTE
r-release-macos-x86_64 0.1.1 39.00 NOTE
r-release-windows-x86_64 0.1.1 15.00 72.00 87.00 NOTE
r-oldrel-macos-arm64 0.1.1 22.00 NOTE
r-oldrel-macos-x86_64 0.1.1 36.00 NOTE
r-oldrel-windows-ix86+x86_64 0.1.1 12.00 66.00 78.00 NOTE

Check Details

Version: 0.1.1
Check: LazyData
Result: NOTE
     'LazyData' is specified without a 'data' directory
Flavors: r-devel-linux-x86_64-debian-clang, r-devel-linux-x86_64-debian-gcc, r-devel-linux-x86_64-fedora-clang, r-devel-linux-x86_64-fedora-gcc, r-devel-windows-x86_64, r-patched-linux-x86_64, r-release-linux-x86_64, r-release-macos-arm64, r-release-macos-x86_64, r-release-windows-x86_64, r-oldrel-macos-arm64, r-oldrel-macos-x86_64, r-oldrel-windows-ix86+x86_64