Last updated on 2025-11-02 23:49:47 CET.
| Flavor | Version | Tinstall | Tcheck | Ttotal | Status | Flags | 
|---|---|---|---|---|---|---|
| r-devel-linux-x86_64-debian-clang | 0.1.2 | 3.58 | 35.31 | 38.89 | NOTE | |
| r-devel-linux-x86_64-debian-gcc | 0.1.2 | 3.02 | 27.41 | 30.43 | NOTE | |
| r-devel-linux-x86_64-fedora-clang | 0.1.2 | 58.55 | OK | |||
| r-devel-linux-x86_64-fedora-gcc | 0.1.2 | 10.00 | 43.96 | 53.96 | OK | |
| r-devel-windows-x86_64 | 0.1.2 | 7.00 | 52.00 | 59.00 | OK | |
| r-patched-linux-x86_64 | 0.1.2 | 3.24 | 33.22 | 36.46 | OK | |
| r-release-linux-x86_64 | 0.1.2 | 3.02 | 33.29 | 36.31 | OK | |
| r-release-macos-arm64 | 0.1.2 | 2.00 | 22.00 | 24.00 | OK | |
| r-release-macos-x86_64 | 0.1.2 | 3.00 | 36.00 | 39.00 | OK | |
| r-release-windows-x86_64 | 0.1.2 | 7.00 | 50.00 | 57.00 | OK | |
| r-oldrel-macos-arm64 | 0.1.2 | 2.00 | 18.00 | 20.00 | NOTE | |
| r-oldrel-macos-x86_64 | 0.1.2 | 3.00 | 28.00 | 31.00 | NOTE | |
| r-oldrel-windows-x86_64 | 0.1.2 | 7.00 | 62.00 | 69.00 | NOTE | 
Version: 0.1.2
Check: CRAN incoming feasibility
Result: NOTE
  Maintainer: ‘Sahil Seth <me@sahilseth.com>’
  
  No Authors@R field in DESCRIPTION.
  Please add one, modifying
    Authors@R: c(person(given = c("Houston", "R"),
                        family = "Users",
                        role = "aut"),
                 person(given = "Neeraj",
                        family = "Tandon",
                        role = "aut"),
                 person(given = "Ed",
                        family = "Goodwin",
                        role = "aut"),
                 person(given = c("Ju", "Yeong"),
                        family = "Kim",
                        role = "aut"),
                 person(given = "Sahil",
                        family = "Seth",
                        role = c("aut", "cre"),
                        email = "me@sahilseth.com"))
  as necessary.
Flavors: r-devel-linux-x86_64-debian-clang, r-devel-linux-x86_64-debian-gcc
Version: 0.1.2
Check: LazyData
Result: NOTE
    'LazyData' is specified without a 'data' directory
Flavors: r-oldrel-macos-arm64, r-oldrel-macos-x86_64, r-oldrel-windows-x86_64