Last updated on 2024-04-19 20:56:46 CEST.
Flavor | Version | Tinstall | Tcheck | Ttotal | Status | Flags |
---|---|---|---|---|---|---|
r-devel-linux-x86_64-debian-clang | 0.50 | 4.65 | 71.85 | 76.50 | OK | |
r-devel-linux-x86_64-debian-gcc | 0.50 | OK | ||||
r-devel-linux-x86_64-fedora-clang | 0.50 | 96.94 | NOTE | |||
r-devel-linux-x86_64-fedora-gcc | 0.50 | 92.77 | NOTE | |||
r-prerel-macos-arm64 | 0.50 | 29.00 | OK | |||
r-prerel-windows-x86_64 | 0.50 | 8.00 | 72.00 | 80.00 | OK | |
r-patched-linux-x86_64 | 0.50 | 6.60 | 67.21 | 73.81 | OK | |
r-release-linux-x86_64 | 0.50 | 6.40 | 68.54 | 74.94 | OK | |
r-release-macos-arm64 | 0.50 | 34.00 | OK | |||
r-release-macos-x86_64 | 0.50 | 51.00 | OK | |||
r-release-windows-x86_64 | 0.50 | 9.00 | 83.00 | 92.00 | OK | |
r-oldrel-macos-arm64 | 0.50 | 31.00 | NOTE | |||
r-oldrel-windows-x86_64 | 0.50 | 11.00 | 92.00 | 103.00 | OK |
Version: 0.50
Check: dependencies in R code
Result: NOTE
Namespace in Imports field not imported from: ‘FrF2.catlg128’
All declared Imports should be used.
Flavors: r-devel-linux-x86_64-fedora-clang, r-devel-linux-x86_64-fedora-gcc, r-oldrel-macos-arm64
Version: 0.50
Check: Rd cross-references
Result: NOTE
Undeclared package ‘BsMD’ in Rd xrefs
Flavor: r-devel-linux-x86_64-fedora-clang