Last updated on 2025-05-06 20:50:48 CEST.
Flavor | Version | Tinstall | Tcheck | Ttotal | Status | Flags |
---|---|---|---|---|---|---|
r-devel-linux-x86_64-debian-clang | 0.50 | 6.04 | 63.60 | 69.64 | OK | |
r-devel-linux-x86_64-debian-gcc | 0.50 | 4.54 | 46.83 | 51.37 | OK | |
r-devel-linux-x86_64-fedora-clang | 0.50 | 106.73 | NOTE | |||
r-devel-linux-x86_64-fedora-gcc | 0.50 | 105.13 | NOTE | |||
r-devel-windows-x86_64 | 0.50 | 9.00 | 79.00 | 88.00 | OK | |
r-patched-linux-x86_64 | 0.50 | 6.21 | 60.10 | 66.31 | OK | |
r-release-linux-x86_64 | 0.50 | 5.84 | 60.62 | 66.46 | OK | |
r-release-macos-arm64 | 0.50 | 32.00 | OK | |||
r-release-macos-x86_64 | 0.50 | 55.00 | OK | |||
r-release-windows-x86_64 | 0.50 | 9.00 | 84.00 | 93.00 | OK | |
r-oldrel-macos-arm64 | 0.50 | 29.00 | OK | |||
r-oldrel-macos-x86_64 | 0.50 | 47.00 | OK | |||
r-oldrel-windows-x86_64 | 0.50 | 11.00 | 94.00 | 105.00 | OK |
Version: 0.50
Check: dependencies in R code
Result: NOTE
Namespace in Imports field not imported from: ‘FrF2.catlg128’
All declared Imports should be used.
Flavors: r-devel-linux-x86_64-fedora-clang, r-devel-linux-x86_64-fedora-gcc