Last updated on 2025-02-20 19:51:40 CET.
Flavor | Version | Tinstall | Tcheck | Ttotal | Status | Flags |
---|---|---|---|---|---|---|
r-devel-linux-x86_64-debian-clang | 1.3.0 | 4.21 | 91.80 | 96.01 | NOTE | |
r-devel-linux-x86_64-debian-gcc | 1.3.0 | 3.03 | 66.05 | 69.08 | NOTE | |
r-devel-linux-x86_64-fedora-clang | 1.3.0 | 143.10 | OK | |||
r-devel-linux-x86_64-fedora-gcc | 1.3.0 | 152.61 | OK | |||
r-devel-macos-arm64 | 1.3.0 | 48.00 | OK | |||
r-devel-macos-x86_64 | 1.3.0 | 126.00 | OK | |||
r-devel-windows-x86_64 | 1.3.0 | 6.00 | 89.00 | 95.00 | NOTE | |
r-patched-linux-x86_64 | 1.3.0 | 11.59 | 86.99 | 98.58 | OK | |
r-release-linux-x86_64 | 1.3.0 | 4.54 | 87.40 | 91.94 | OK | |
r-release-macos-arm64 | 1.3.0 | 46.00 | OK | |||
r-release-macos-x86_64 | 1.3.0 | 116.00 | OK | |||
r-release-windows-x86_64 | 1.3.0 | 7.00 | 86.00 | 93.00 | OK | |
r-oldrel-macos-arm64 | 1.3.0 | 59.00 | OK | |||
r-oldrel-macos-x86_64 | 1.3.0 | 111.00 | OK | |||
r-oldrel-windows-x86_64 | 1.3.0 | 7.00 | 94.00 | 101.00 | OK |
Version: 1.3.0
Check: Rd cross-references
Result: NOTE
Found the following Rd file(s) with Rd \link{} targets missing package
anchors:
plot.DAG.Rd: igraph
Please provide package anchors for all Rd \link{} targets not in the
package itself and the base packages.
Flavors: r-devel-linux-x86_64-debian-clang, r-devel-linux-x86_64-debian-gcc, r-devel-windows-x86_64