Last updated on 2024-03-27 19:57:00 CET.
Flavor | Version | Tinstall | Tcheck | Ttotal | Status | Flags |
---|---|---|---|---|---|---|
r-devel-linux-x86_64-debian-clang | 2.6.2 | 8.13 | 71.33 | 79.46 | NOTE | |
r-devel-linux-x86_64-debian-gcc | 2.6.2 | 7.28 | 53.28 | 60.56 | NOTE | |
r-devel-linux-x86_64-fedora-clang | 2.6.2 | 99.46 | NOTE | |||
r-devel-linux-x86_64-fedora-gcc | 2.6.2 | 98.01 | NOTE | |||
r-devel-windows-x86_64 | 2.6.2 | 11.00 | 77.00 | 88.00 | NOTE | |
r-patched-linux-x86_64 | 2.6.2 | 10.69 | 68.45 | 79.14 | NOTE | |
r-release-linux-x86_64 | 2.6.2 | 8.49 | 69.08 | 77.57 | NOTE | |
r-release-macos-arm64 | 2.6.2 | 35.00 | NOTE | |||
r-release-macos-x86_64 | 2.6.2 | 54.00 | NOTE | |||
r-release-windows-x86_64 | 2.6.2 | 14.00 | 85.00 | 99.00 | NOTE | |
r-oldrel-macos-arm64 | 2.6.2 | 32.00 | OK | |||
r-oldrel-windows-x86_64 | 2.6.2 | 14.00 | 92.00 | 106.00 | OK |
Version: 2.6.2
Check: C++ specification
Result: NOTE
Specified C++11: please drop specification unless essential
Flavors: r-devel-linux-x86_64-debian-clang, r-devel-linux-x86_64-debian-gcc, r-devel-linux-x86_64-fedora-clang, r-devel-linux-x86_64-fedora-gcc, r-devel-windows-x86_64, r-patched-linux-x86_64, r-release-linux-x86_64, r-release-macos-arm64, r-release-macos-x86_64, r-release-windows-x86_64
Version: 2.6.2
Check: Rd cross-references
Result: NOTE
Undeclared packages ‘future’, ‘geiger’, ‘caper’ in Rd xrefs
Flavor: r-devel-linux-x86_64-fedora-clang