Last updated on 2025-11-03 21:50:31 CET.
| Flavor | Version | Tinstall | Tcheck | Ttotal | Status | Flags | 
|---|---|---|---|---|---|---|
| r-devel-linux-x86_64-debian-clang | 0.5.1 | 4.59 | 51.79 | 56.38 | OK | |
| r-devel-linux-x86_64-debian-gcc | 0.5.1 | 2.26 | 38.06 | 40.32 | OK | |
| r-devel-linux-x86_64-fedora-clang | 0.5.1 | 11.00 | 70.64 | 81.64 | OK | |
| r-devel-linux-x86_64-fedora-gcc | 0.5.1 | 92.85 | OK | |||
| r-devel-windows-x86_64 | 0.5.1 | 6.00 | 69.00 | 75.00 | OK | |
| r-patched-linux-x86_64 | 0.5.1 | 4.05 | 46.52 | 50.57 | OK | |
| r-release-linux-x86_64 | 0.5.1 | 4.25 | 46.65 | 50.90 | OK | |
| r-release-macos-arm64 | 0.5.1 | 2.00 | 37.00 | 39.00 | OK | |
| r-release-macos-x86_64 | 0.5.1 | 11.00 | 120.00 | 131.00 | OK | |
| r-release-windows-x86_64 | 0.5.1 | 6.00 | 64.00 | 70.00 | OK | |
| r-oldrel-macos-arm64 | 0.5.1 | 3.00 | 41.00 | 44.00 | OK | |
| r-oldrel-macos-x86_64 | 0.5.1 | 11.00 | 124.00 | 135.00 | NOTE | |
| r-oldrel-windows-x86_64 | 0.5.1 | 9.00 | 81.00 | 90.00 | OK | 
Version: 0.5.1
Check: installed package size
Result: NOTE
    installed size is  5.1Mb
    sub-directories of 1Mb or more:
      data   4.8Mb
Flavor: r-oldrel-macos-x86_64