Last updated on 2024-04-18 21:57:00 CEST.
Flavor | Version | Tinstall | Tcheck | Ttotal | Status | Flags |
---|---|---|---|---|---|---|
r-devel-linux-x86_64-debian-clang | 0.4.27 | 8.29 | 181.96 | 190.25 | NOTE | |
r-devel-linux-x86_64-debian-gcc | 0.4.27 | 6.10 | 130.83 | 136.93 | NOTE | |
r-devel-linux-x86_64-fedora-clang | 0.4.27 | 240.14 | NOTE | |||
r-devel-linux-x86_64-fedora-gcc | 0.4.27 | 237.59 | NOTE | |||
r-prerel-macos-arm64 | 0.4.27 | 83.00 | NOTE | |||
r-prerel-windows-x86_64 | 0.4.27 | 10.00 | 146.00 | 156.00 | NOTE | |
r-patched-linux-x86_64 | 0.4.27 | 7.09 | 167.34 | 174.43 | NOTE | |
r-release-linux-x86_64 | 0.4.27 | 4.75 | 165.84 | 170.59 | OK | |
r-release-macos-arm64 | 0.4.27 | 55.00 | OK | |||
r-release-macos-x86_64 | 0.4.27 | 117.00 | OK | |||
r-release-windows-x86_64 | 0.4.27 | 9.00 | 163.00 | 172.00 | OK | |
r-oldrel-macos-arm64 | 0.4.27 | 140.00 | OK | |||
r-oldrel-windows-x86_64 | 0.4.27 | 10.00 | 165.00 | 175.00 | OK |
Version: 0.4.27
Check: Rd files
Result: NOTE
checkRd: (-1) read_cid_spectravue_csv.Rd:46: Lost braces
46 | function code{range()} will return range of wavelengths expressed in
| ^
checkRd: (-1) read_fmi2mspct.Rd:78: Lost braces; missing escapes or markup?
78 | \code{tz = UTC} and {time.shift.min = 120} to convert times to UTC. This
| ^
Flavors: r-devel-linux-x86_64-debian-clang, r-devel-linux-x86_64-debian-gcc, r-devel-linux-x86_64-fedora-clang, r-devel-linux-x86_64-fedora-gcc, r-prerel-macos-arm64, r-prerel-windows-x86_64, r-patched-linux-x86_64