Last updated on 2023-11-27 19:52:49 CET.
Flavor | Version | Tinstall | Tcheck | Ttotal | Status | Flags |
---|---|---|---|---|---|---|
r-devel-linux-x86_64-debian-clang | 0.2-3 | 7.86 | 76.03 | 83.89 | NOTE | |
r-devel-linux-x86_64-debian-gcc | 0.2-3 | 4.67 | 56.79 | 61.46 | NOTE | |
r-devel-linux-x86_64-fedora-clang | 0.2-3 | 102.47 | NOTE | |||
r-devel-linux-x86_64-fedora-gcc | 0.2-3 | 98.62 | NOTE | |||
r-devel-windows-x86_64 | 0.2-3 | 9.00 | 73.00 | 82.00 | NOTE | |
r-patched-linux-x86_64 | 0.2-3 | 7.53 | 72.64 | 80.17 | NOTE | |
r-release-linux-x86_64 | 0.2-3 | 8.12 | 71.16 | 79.28 | NOTE | |
r-release-macos-arm64 | 0.2-3 | 34.00 | NOTE | |||
r-release-macos-x86_64 | 0.2-3 | 58.00 | NOTE | |||
r-release-windows-x86_64 | 0.2-3 | 13.00 | 87.00 | 100.00 | NOTE | |
r-oldrel-macos-arm64 | 0.2-3 | 37.00 | OK | |||
r-oldrel-macos-x86_64 | 0.2-3 | 52.00 | OK | |||
r-oldrel-windows-x86_64 | 0.2-3 | 12.00 | 98.00 | 110.00 | OK |
Version: 0.2-3
Check: Rd files
Result: NOTE
checkRd: (-1) PatentsRD.Rd:4: Escaped LaTeX specials: \&
checkRd: (-1) PatentsRD.Rd:30: Escaped LaTeX specials: \&
checkRd: (-1) PatentsRDUS.Rd:4: Escaped LaTeX specials: \&
Flavors: r-devel-linux-x86_64-debian-clang, r-devel-linux-x86_64-debian-gcc, r-devel-linux-x86_64-fedora-clang, r-devel-linux-x86_64-fedora-gcc, r-devel-windows-x86_64, r-patched-linux-x86_64, r-release-linux-x86_64, r-release-macos-arm64, r-release-macos-x86_64, r-release-windows-x86_64