Last updated on 2023-01-26 19:49:35 CET.
Flavor | Version | Tinstall | Tcheck | Ttotal | Status | Flags |
---|---|---|---|---|---|---|
r-devel-linux-x86_64-debian-clang | 0.2-3 | 8.42 | 95.02 | 103.44 | NOTE | |
r-devel-linux-x86_64-debian-gcc | 0.2-3 | 5.67 | 69.99 | 75.66 | NOTE | |
r-devel-linux-x86_64-fedora-clang | 0.2-3 | 123.77 | NOTE | |||
r-devel-linux-x86_64-fedora-gcc | 0.2-3 | 121.75 | NOTE | |||
r-patched-linux-x86_64 | 0.2-3 | 8.74 | 90.83 | 99.57 | OK | |
r-release-linux-x86_64 | 0.2-3 | 4.95 | 88.26 | 93.21 | OK | |
r-release-macos-arm64 | 0.2-3 | 37.00 | OK | |||
r-release-macos-x86_64 | 0.2-3 | 52.00 | OK | |||
r-release-windows-x86_64 | 0.2-3 | 18.00 | 113.00 | 131.00 | OK | |
r-oldrel-macos-arm64 | 0.2-3 | 29.00 | OK | |||
r-oldrel-macos-x86_64 | 0.2-3 | 34.00 | OK | |||
r-oldrel-windows-ix86+x86_64 | 0.2-3 | 24.00 | 115.00 | 139.00 | OK |
Version: 0.2-3
Check: Rd files
Result: NOTE
checkRd: (-1) PatentsRD.Rd:4: Escaped LaTeX specials: \&
checkRd: (-1) PatentsRD.Rd:30: Escaped LaTeX specials: \&
checkRd: (-1) PatentsRDUS.Rd:4: Escaped LaTeX specials: \&
Flavors: r-devel-linux-x86_64-debian-clang, r-devel-linux-x86_64-debian-gcc, r-devel-linux-x86_64-fedora-clang, r-devel-linux-x86_64-fedora-gcc